CRAN Package Check Results for Package lagsarlmtree

Last updated on 2021-05-18 21:54:07 CEST.

Flavor Version Tinstall Tcheck Ttotal Status Flags
r-devel-linux-x86_64-debian-clang 1.0-1 15.35 157.42 172.77 OK
r-devel-linux-x86_64-debian-gcc 1.0-1 14.72 118.77 133.49 OK
r-devel-linux-x86_64-fedora-clang 1.0-1 212.64 NOTE
r-devel-linux-x86_64-fedora-gcc 1.0-1 204.16 OK
r-devel-windows-ix86+x86_64 1.0-1 28.00 126.00 154.00 NOTE
r-devel-windows-x86_64-gcc10-UCRT 1.0-1 OK
r-patched-linux-x86_64 1.0-1 16.45 150.57 167.02 OK
r-patched-solaris-x86 1.0-1 298.90 NOTE
r-release-linux-x86_64 1.0-1 17.28 148.55 165.83 OK
r-release-macos-x86_64 1.0-1 NOTE
r-release-windows-ix86+x86_64 1.0-1 28.00 132.00 160.00 NOTE
r-oldrel-macos-x86_64 1.0-1 NOTE
r-oldrel-windows-ix86+x86_64 1.0-1 24.00 180.00 204.00 NOTE

Check Details

Version: 1.0-1
Check: installed package size
Result: NOTE
     installed size is 8.4Mb
     sub-directories of 1Mb or more:
     data 8.3Mb
Flavors: r-devel-linux-x86_64-fedora-clang, r-devel-windows-ix86+x86_64, r-patched-solaris-x86, r-release-macos-x86_64, r-release-windows-ix86+x86_64, r-oldrel-macos-x86_64, r-oldrel-windows-ix86+x86_64

Version: 1.0-1
Check: Rd cross-references
Result: NOTE
    Undeclared package ‘spdep’ in Rd xrefs
Flavor: r-devel-linux-x86_64-fedora-clang