CRAN Package Check Results for Package l1spectral

Last updated on 2021-10-21 04:58:35 CEST.

Flavor Version Tinstall Tcheck Ttotal Status Flags
r-devel-linux-x86_64-debian-clang 0.99.2 29.90 86.41 116.31 OK
r-devel-linux-x86_64-debian-gcc 0.99.4 27.11 72.95 100.06 OK
r-devel-linux-x86_64-fedora-clang 0.99.4 182.58 OK
r-devel-linux-x86_64-fedora-gcc 0.99.4 174.38 OK
r-devel-windows-x86_64 0.99.2 49.00 122.00 171.00 OK
r-devel-windows-x86_64-gcc10-UCRT 0.99.2 ERROR
r-patched-linux-x86_64 0.99.2 29.34 82.43 111.77 OK
r-patched-solaris-x86 0.99.4 213.10 OK
r-release-linux-x86_64 0.99.4 31.08 91.00 122.08 OK
r-release-macos-arm64 0.99.2 OK
r-release-macos-x86_64 0.99.2 OK
r-release-windows-ix86+x86_64 0.99.2 66.00 160.00 226.00 OK
r-oldrel-macos-x86_64 0.99.2 OK
r-oldrel-windows-ix86+x86_64 0.99.2 85.00 182.00 267.00 OK

Check Details

Version: 0.99.2
Check: package dependencies
Result: ERROR
    Package required but not available: 'igraph'
    
    See section 'The DESCRIPTION file' in the 'Writing R Extensions'
    manual.
Flavor: r-devel-windows-x86_64-gcc10-UCRT