CRAN Package Check Results for Package l0ara

Last updated on 2022-01-28 00:48:58 CET.

Flavor Version Tinstall Tcheck Ttotal Status Flags
r-devel-linux-x86_64-debian-clang 0.1.6 33.06 37.32 70.38 NOTE
r-devel-linux-x86_64-debian-gcc 0.1.6 25.61 29.58 55.19 NOTE
r-devel-linux-x86_64-fedora-clang 0.1.6 102.16 NOTE
r-devel-linux-x86_64-fedora-gcc 0.1.6 85.73 NOTE
r-devel-windows-x86_64-new-UL 0.1.6 44.00 77.00 121.00 NOTE
r-devel-windows-x86_64-new-TK 0.1.6 NOTE
r-patched-linux-x86_64 0.1.6 28.92 35.67 64.59 NOTE
r-release-linux-x86_64 0.1.6 26.20 35.44 61.64 NOTE
r-release-macos-arm64 0.1.6 NOTE
r-release-macos-x86_64 0.1.6 NOTE
r-release-windows-ix86+x86_64 0.1.6 85.00 70.00 155.00 NOTE
r-oldrel-macos-x86_64 0.1.6 OK
r-oldrel-windows-ix86+x86_64 0.1.6 86.00 70.00 156.00 OK

Check Details

Version: 0.1.6
Check: LazyData
Result: NOTE
     'LazyData' is specified without a 'data' directory
Flavors: r-devel-linux-x86_64-debian-clang, r-devel-linux-x86_64-debian-gcc, r-devel-linux-x86_64-fedora-clang, r-devel-linux-x86_64-fedora-gcc, r-devel-windows-x86_64-new-UL, r-devel-windows-x86_64-new-TK, r-patched-linux-x86_64, r-release-linux-x86_64, r-release-macos-arm64, r-release-macos-x86_64, r-release-windows-ix86+x86_64