CRAN Package Check Results for Package knockoff

Last updated on 2021-10-19 16:50:35 CEST.

Flavor Version Tinstall Tcheck Ttotal Status Flags
r-devel-linux-x86_64-debian-clang 0.3.3 3.78 103.72 107.50 OK --no-vignettes
r-devel-linux-x86_64-debian-gcc 0.3.3 2.97 80.87 83.84 OK --no-vignettes
r-devel-linux-x86_64-fedora-clang 0.3.3 138.76 OK --no-vignettes
r-devel-linux-x86_64-fedora-gcc 0.3.3 130.04 OK --no-vignettes
r-devel-windows-x86_64 0.3.3 6.00 112.00 118.00 NOTE --no-vignettes
r-devel-windows-x86_64-gcc10-UCRT 0.3.3 NOTE
r-patched-linux-x86_64 0.3.3 4.34 103.24 107.58 OK --no-vignettes
r-patched-solaris-x86 0.3.3 233.30 OK --no-vignettes
r-release-linux-x86_64 0.3.3 3.26 102.87 106.13 OK --no-vignettes
r-release-macos-arm64 0.3.3 OK
r-release-macos-x86_64 0.3.3 OK
r-release-windows-ix86+x86_64 0.3.3 6.00 129.00 135.00 NOTE --no-vignettes
r-oldrel-macos-x86_64 0.3.3 OK
r-oldrel-windows-ix86+x86_64 0.3.3 7.00 127.00 134.00 NOTE --no-vignettes

Check Details

Version: 0.3.3
Flags: --no-vignettes
Check: package dependencies
Result: NOTE
    Package suggested but not available for checking: 'doMC'
Flavors: r-devel-windows-x86_64, r-release-windows-ix86+x86_64, r-oldrel-windows-ix86+x86_64

Version: 0.3.3
Check: package dependencies
Result: NOTE
    Package suggested but not available for checking: 'doMC'
Flavor: r-devel-windows-x86_64-gcc10-UCRT