CRAN Package Check Results for Package kmlShape

Last updated on 2021-09-23 16:50:29 CEST.

Flavor Version Tinstall Tcheck Ttotal Status Flags
r-devel-linux-x86_64-debian-clang 0.9.5 11.24 65.09 76.33 OK
r-devel-linux-x86_64-debian-gcc 0.9.5 8.46 51.11 59.57 OK
r-devel-linux-x86_64-fedora-clang 0.9.5 101.52 NOTE
r-devel-linux-x86_64-fedora-gcc 0.9.5 90.90 NOTE
r-devel-windows-x86_64 0.9.5 12.00 70.00 82.00 OK
r-devel-windows-x86_64-gcc10-UCRT 0.9.5 OK
r-patched-linux-x86_64 0.9.5 14.74 64.26 79.00 OK
r-patched-solaris-x86 0.9.5 118.70 OK
r-release-linux-x86_64 0.9.5 10.54 63.92 74.46 OK
r-release-macos-arm64 0.9.5 OK
r-release-macos-x86_64 0.9.5 OK
r-release-windows-ix86+x86_64 0.9.5 25.00 83.00 108.00 OK
r-oldrel-macos-x86_64 0.9.5 OK
r-oldrel-windows-ix86+x86_64 0.9.5 19.00 79.00 98.00 OK

Check Details

Version: 0.9.5
Check: compiled code
Result: NOTE
    File ‘kmlShape/libs/kmlShape.so’:
     Found no calls to: ‘R_registerRoutines’, ‘R_useDynamicSymbols’
    
    It is good practice to register native routines and to disable symbol
    search.
    
    See ‘Writing portable packages’ in the ‘Writing R Extensions’ manual.
Flavors: r-devel-linux-x86_64-fedora-clang, r-devel-linux-x86_64-fedora-gcc