CRAN Package Check Results for Package kmer

Last updated on 2022-10-04 11:50:14 CEST.

Flavor Version Tinstall Tcheck Ttotal Status Flags
r-devel-linux-x86_64-debian-clang 1.1.2 25.61 50.62 76.23 NOTE
r-devel-linux-x86_64-debian-gcc 1.1.2 18.29 38.63 56.92 NOTE
r-devel-linux-x86_64-fedora-clang 1.1.2 109.00 NOTE
r-devel-linux-x86_64-fedora-gcc 1.1.2 98.60 NOTE
r-devel-windows-x86_64 1.1.2 28.00 90.00 118.00 NOTE
r-patched-linux-x86_64 1.1.2 18.64 48.34 66.98 NOTE
r-release-linux-x86_64 1.1.2 20.37 46.83 67.20 NOTE
r-release-macos-arm64 1.1.2 32.00 NOTE
r-release-macos-x86_64 1.1.2 40.00 NOTE
r-release-windows-x86_64 1.1.2 25.00 104.00 129.00 NOTE
r-oldrel-macos-arm64 1.1.2 36.00 NOTE
r-oldrel-macos-x86_64 1.1.2 54.00 NOTE
r-oldrel-windows-ix86+x86_64 1.1.2 55.00 103.00 158.00 NOTE

Check Details

Version: 1.1.2
Check: LazyData
Result: NOTE
     'LazyData' is specified without a 'data' directory
Flavors: r-devel-linux-x86_64-debian-clang, r-devel-linux-x86_64-debian-gcc, r-devel-linux-x86_64-fedora-clang, r-devel-linux-x86_64-fedora-gcc, r-devel-windows-x86_64, r-patched-linux-x86_64, r-release-linux-x86_64, r-release-macos-arm64, r-release-macos-x86_64, r-release-windows-x86_64, r-oldrel-macos-arm64, r-oldrel-macos-x86_64, r-oldrel-windows-ix86+x86_64