CRAN Package Check Results for Package kinship2

Last updated on 2021-07-30 07:50:16 CEST.

Flavor Version Tinstall Tcheck Ttotal Status Flags
r-devel-linux-x86_64-debian-clang 1.8.5 OK
r-devel-linux-x86_64-debian-gcc 1.8.5 9.35 82.46 91.81 OK
r-devel-linux-x86_64-fedora-clang 1.8.5 149.68 OK
r-devel-linux-x86_64-fedora-gcc 1.8.5 142.89 OK
r-devel-windows-x86_64 1.8.5 11.00 141.00 152.00 OK
r-devel-windows-x86_64-gcc10-UCRT 1.8.5 OK
r-patched-linux-x86_64 1.8.5 OK
r-patched-solaris-x86 1.8.5 206.30 OK
r-release-linux-x86_64 1.8.5 12.11 104.53 116.64 OK
r-release-macos-arm64 1.8.5 WARN
r-release-macos-x86_64 1.8.5 OK
r-release-windows-ix86+x86_64 1.8.5 22.00 140.00 162.00 OK
r-oldrel-macos-x86_64 1.8.5 OK
r-oldrel-windows-ix86+x86_64 1.8.5 20.00 133.00 153.00 OK

Check Details

Version: 1.8.5
Check: re-building of vignette outputs
Result: WARN
    Error(s) in re-building vignettes:
     ...
    --- re-building ‘pedigree.Rmd’ using rmarkdown
    Warning in engine$weave(file, quiet = quiet, encoding = enc) :
     Pandoc (>= 1.12.3) not available. Falling back to R Markdown v1.
    Loading required package: kinship2
    Loading required package: Matrix
    Loading required package: quadprog
    Quitting from lines 70-76 (pedigree.Rmd)
    Error: processing vignette 'pedigree.Rmd' failed with diagnostics:
    Labels leave no room for the graph, reduce cex
    --- failed re-building ‘pedigree.Rmd’
    
    SUMMARY: processing the following file failed:
     ‘pedigree.Rmd’
    
    Error: Vignette re-building failed.
    Execution halted
Flavor: r-release-macos-arm64