CRAN Package Check Results for Package kgc

Last updated on 2021-09-25 16:49:30 CEST.

Flavor Version Tinstall Tcheck Ttotal Status Flags
r-devel-linux-x86_64-debian-clang 1.0.0.2 25.47 325.85 351.32 OK
r-devel-linux-x86_64-debian-gcc 1.0.0.2 26.54 251.44 277.98 OK
r-devel-linux-x86_64-fedora-clang 1.0.0.2 461.17 OK
r-devel-linux-x86_64-fedora-gcc 1.0.0.2 445.14 OK
r-devel-windows-x86_64 1.0.0.2 36.00 424.00 460.00 OK
r-devel-windows-x86_64-gcc10-UCRT 1.0.0.2 OK
r-patched-linux-x86_64 1.0.0.2 21.89 314.76 336.65 OK
r-patched-solaris-x86 1.0.0.2 363.30 WARN
r-release-linux-x86_64 1.0.0.2 23.03 313.76 336.79 OK
r-release-macos-arm64 1.0.0.2 OK
r-release-macos-x86_64 1.0.0.2 OK
r-release-windows-ix86+x86_64 1.0.0.2 50.00 341.00 391.00 OK
r-oldrel-macos-x86_64 1.0.0.2 OK
r-oldrel-windows-ix86+x86_64 1.0.0.2 37.00 323.00 360.00 OK

Check Details

Version: 1.0.0.2
Check: re-building of vignette outputs
Result: WARN
    Error(s) in re-building vignettes:
     ...
    --- re-building ‘kgc-fine.Rmd’ using rmarkdown
    Warning in engine$weave(file, quiet = quiet, encoding = enc) :
     Pandoc (>= 1.12.3) not available. Falling back to R Markdown v1.
    Loading required package: shiny
    Loading required package: shinythemes
    Loading required package: plyr
    Quitting from lines 37-53 (kgc-fine.Rmd)
    Error: processing vignette 'kgc-fine.Rmd' failed with diagnostics:
    cannot allocate vector of size 640.7 Mb
    --- failed re-building ‘kgc-fine.Rmd’
    
    --- re-building ‘kgc-vignette.Rmd’ using rmarkdown
    Warning in engine$weave(file, quiet = quiet, encoding = enc) :
     Pandoc (>= 1.12.3) not available. Falling back to R Markdown v1.
    Loading required package: shiny
    Loading required package: shinythemes
    Loading required package: plyr
    --- finished re-building ‘kgc-vignette.Rmd’
    
    SUMMARY: processing the following file failed:
     ‘kgc-fine.Rmd’
    
    Error: Vignette re-building failed.
    Execution halted
Flavor: r-patched-solaris-x86