CRAN Package Check Results for Package kfigr

Last updated on 2021-09-21 16:51:29 CEST.

Flavor Version Tinstall Tcheck Ttotal Status Flags
r-devel-linux-x86_64-debian-clang 1.2.1 1.70 28.66 30.36 OK
r-devel-linux-x86_64-debian-gcc 1.2.1 1.47 22.97 24.44 OK
r-devel-linux-x86_64-fedora-clang 1.2.1 46.66 OK
r-devel-linux-x86_64-fedora-gcc 1.2.1 35.82 OK
r-devel-windows-x86_64 1.2.1 3.00 38.00 41.00 OK
r-devel-windows-x86_64-gcc10-UCRT 1.2.1 ERROR
r-patched-linux-x86_64 1.2.1 2.20 27.36 29.56 OK
r-patched-solaris-x86 1.2.1 56.40 OK
r-release-linux-x86_64 1.2.1 2.15 27.58 29.73 OK
r-release-macos-arm64 1.2.1 OK
r-release-macos-x86_64 1.2.1 OK
r-release-windows-ix86+x86_64 1.2.1 6.00 36.00 42.00 OK
r-oldrel-macos-x86_64 1.2.1 OK
r-oldrel-windows-ix86+x86_64 1.2.1 7.00 34.00 41.00 OK

Check Details

Version: 1.2.1
Check: whether package can be installed
Result: WARN
    Found the following significant warnings:
     WARNING: installation-time patches will not be applied, could not get the patches index
Flavor: r-devel-windows-x86_64-gcc10-UCRT

Version: 1.2.1
Check: PDF version of manual
Result: WARN
    LaTeX errors when creating PDF version.
    This typically indicates Rd problems.
Flavor: r-devel-windows-x86_64-gcc10-UCRT

Version: 1.2.1
Check: PDF version of manual without hyperrefs or index
Result: ERROR
    Re-running with no redirection of stdout/stderr.
Flavor: r-devel-windows-x86_64-gcc10-UCRT