Last updated on 2022-08-11 09:53:20 CEST.
Flavor | Version | Tinstall | Tcheck | Ttotal | Status | Flags |
---|---|---|---|---|---|---|
r-devel-linux-x86_64-debian-clang | 1.0.5 | 2.33 | 29.18 | 31.51 | OK | |
r-devel-linux-x86_64-debian-gcc | 1.0.5 | 2.33 | 22.82 | 25.15 | OK | |
r-devel-linux-x86_64-fedora-clang | 1.0.5 | 49.45 | OK | |||
r-devel-linux-x86_64-fedora-gcc | 1.0.5 | 48.15 | OK | |||
r-devel-windows-x86_64 | 1.0.5 | 18.00 | 54.00 | 72.00 | OK | |
r-patched-linux-x86_64 | 1.0.5 | 3.00 | 28.30 | 31.30 | OK | |
r-release-linux-x86_64 | 1.0.5 | OK | ||||
r-release-macos-arm64 | 1.0.5 | 20.00 | NOTE | |||
r-release-macos-x86_64 | 1.0.5 | 23.00 | OK | |||
r-release-windows-x86_64 | 1.0.5 | 12.00 | 54.00 | 66.00 | OK | |
r-oldrel-macos-arm64 | 1.0.5 | 20.00 | NOTE | |||
r-oldrel-macos-x86_64 | 1.0.5 | 29.00 | NOTE | |||
r-oldrel-windows-ix86+x86_64 | 1.0.5 | 8.00 | 45.00 | 53.00 | OK |
Version: 1.0.5
Check: package dependencies
Result: NOTE
Package suggested but not available for checking: ‘org.Hs.eg.db’
Flavors: r-release-macos-arm64, r-oldrel-macos-arm64, r-oldrel-macos-x86_64