CRAN Package Check Results for Package kendallRandomWalks

Last updated on 2022-01-27 12:53:52 CET.

Flavor Version Tinstall Tcheck Ttotal Status Flags
r-devel-linux-x86_64-debian-clang 0.9.4 6.21 183.58 189.79 NOTE
r-devel-linux-x86_64-debian-gcc 0.9.4 4.46 130.46 134.92 NOTE
r-devel-linux-x86_64-fedora-clang 0.9.4 234.28 NOTE
r-devel-linux-x86_64-fedora-gcc 0.9.4 229.47 NOTE
r-devel-windows-x86_64-new-UL 0.9.4 224.00 189.00 413.00 NOTE
r-devel-windows-x86_64-new-TK 0.9.4 NOTE
r-patched-linux-x86_64 0.9.4 4.58 152.41 156.99 NOTE
r-release-linux-x86_64 0.9.4 5.32 151.35 156.67 NOTE
r-release-macos-arm64 0.9.4 NOTE
r-release-macos-x86_64 0.9.4 NOTE
r-release-windows-ix86+x86_64 0.9.4 14.00 184.00 198.00 NOTE
r-oldrel-macos-x86_64 0.9.4 OK
r-oldrel-windows-ix86+x86_64 0.9.4 15.00 184.00 199.00 OK

Check Details

Version: 0.9.4
Check: LazyData
Result: NOTE
     'LazyData' is specified without a 'data' directory
Flavors: r-devel-linux-x86_64-debian-clang, r-devel-linux-x86_64-debian-gcc, r-devel-linux-x86_64-fedora-clang, r-devel-linux-x86_64-fedora-gcc, r-devel-windows-x86_64-new-UL, r-devel-windows-x86_64-new-TK, r-patched-linux-x86_64, r-release-linux-x86_64, r-release-macos-arm64, r-release-macos-x86_64, r-release-windows-ix86+x86_64