CRAN Package Check Results for Package kde1d

Last updated on 2022-01-24 12:52:13 CET.

Flavor Version Tinstall Tcheck Ttotal Status Flags
r-devel-linux-x86_64-debian-clang 1.0.3 47.08 39.54 86.62 NOTE
r-devel-linux-x86_64-debian-gcc 1.0.3 32.98 31.63 64.61 NOTE
r-devel-linux-x86_64-fedora-clang 1.0.3 122.49 NOTE
r-devel-linux-x86_64-fedora-gcc 1.0.3 107.33 NOTE
r-devel-windows-x86_64-new-UL 1.0.3 51.00 85.00 136.00 NOTE
r-devel-windows-x86_64-new-TK 1.0.3 NOTE
r-patched-linux-x86_64 1.0.3 41.44 39.63 81.07 NOTE
r-release-linux-x86_64 1.0.3 41.26 38.82 80.08 NOTE
r-release-macos-arm64 1.0.3 NOTE
r-release-macos-x86_64 1.0.3 NOTE
r-release-windows-ix86+x86_64 1.0.3 101.00 78.00 179.00 NOTE
r-oldrel-macos-x86_64 1.0.3 NOTE
r-oldrel-windows-ix86+x86_64 1.0.3 102.00 84.00 186.00 OK

Check Details

Version: 1.0.3
Check: LazyData
Result: NOTE
     'LazyData' is specified without a 'data' directory
Flavors: r-devel-linux-x86_64-debian-clang, r-devel-linux-x86_64-debian-gcc, r-devel-linux-x86_64-fedora-clang, r-devel-linux-x86_64-fedora-gcc, r-devel-windows-x86_64-new-UL, r-devel-windows-x86_64-new-TK, r-patched-linux-x86_64, r-release-linux-x86_64, r-release-macos-arm64, r-release-macos-x86_64, r-release-windows-ix86+x86_64

Version: 1.0.3
Check: installed package size
Result: NOTE
     installed size is 13.8Mb
     sub-directories of 1Mb or more:
     libs 13.6Mb
Flavors: r-devel-linux-x86_64-fedora-clang, r-release-macos-arm64, r-release-macos-x86_64, r-oldrel-macos-x86_64