CRAN Package Check Results for Package kazaam

Last updated on 2021-12-03 11:51:52 CET.

Flavor Version Tinstall Tcheck Ttotal Status Flags
r-devel-linux-x86_64-debian-clang 0.1-0 8.36 53.68 62.04 OK
r-devel-linux-x86_64-debian-gcc 0.1-0 6.79 43.16 49.95 OK
r-devel-linux-x86_64-fedora-clang 0.1-0 98.66 OK
r-devel-linux-x86_64-fedora-gcc 0.1-0 83.31 OK
r-devel-windows-x86_64-new-UL 0.1-0 28.00 116.00 144.00 OK
r-devel-windows-x86_64-new-TK 0.1-0 OK
r-devel-windows-x86_64-old 0.1-0 15.00 59.00 74.00 OK
r-patched-linux-x86_64 0.1-0 7.74 52.00 59.74 OK
r-patched-solaris-x86 0.1-0 107.20 OK
r-release-linux-x86_64 0.1-0 7.85 52.37 60.22 OK
r-release-macos-arm64 0.1-0 ERROR
r-release-macos-x86_64 0.1-0 ERROR
r-release-windows-ix86+x86_64 0.1-0 15.00 97.00 112.00 OK
r-oldrel-macos-x86_64 0.1-0 ERROR
r-oldrel-windows-ix86+x86_64 0.1-0 15.00 95.00 110.00 OK

Check Details

Version: 0.1-0
Check: package dependencies
Result: ERROR
    Package required but not available: ‘pbdMPI’
    
    See section ‘The DESCRIPTION file’ in the ‘Writing R Extensions’
    manual.
Flavors: r-release-macos-arm64, r-release-macos-x86_64, r-oldrel-macos-x86_64