CRAN Package Check Results for Package junctions

Last updated on 2021-09-20 04:58:18 CEST.

Flavor Version Tinstall Tcheck Ttotal Status Flags
r-devel-linux-x86_64-debian-clang 2.0.1 66.27 134.27 200.54 OK
r-devel-linux-x86_64-debian-gcc 2.0.1 43.48 123.72 167.20 OK
r-devel-linux-x86_64-fedora-clang 2.0.1 264.54 OK
r-devel-linux-x86_64-fedora-gcc 2.0.1 273.60 OK
r-devel-windows-x86_64 2.0.1 65.00 146.00 211.00 OK
r-devel-windows-x86_64-gcc10-UCRT 2.0.1 ERROR
r-patched-linux-x86_64 2.0.1 52.31 157.06 209.37 OK
r-patched-solaris-x86 2.0.1 274.50 OK
r-release-linux-x86_64 2.0.1 52.63 154.58 207.21 OK
r-release-macos-arm64 2.0.1 NOTE
r-release-macos-x86_64 2.0.1 OK
r-release-windows-ix86+x86_64 2.0.1 161.00 194.00 355.00 OK
r-oldrel-macos-x86_64 2.0.1 OK
r-oldrel-windows-ix86+x86_64 2.0.1 164.00 181.00 345.00 OK

Check Details

Version: 2.0.1
Check: whether package can be installed
Result: ERROR
    Installation failed.
Flavor: r-devel-windows-x86_64-gcc10-UCRT

Version: 2.0.1
Check: installed package size
Result: NOTE
     installed size is 5.3Mb
     sub-directories of 1Mb or more:
     doc 2.0Mb
     libs 3.2Mb
Flavor: r-release-macos-arm64