CRAN Package Check Results for Package jsonify

Last updated on 2021-10-20 16:50:38 CEST.

Flavor Version Tinstall Tcheck Ttotal Status Flags
r-devel-linux-x86_64-debian-clang 1.2.1 66.39 31.60 97.99 OK
r-devel-linux-x86_64-debian-gcc 1.2.1 53.94 25.22 79.16 OK
r-devel-linux-x86_64-fedora-clang 1.2.1 175.79 NOTE
r-devel-linux-x86_64-fedora-gcc 1.2.1 143.13 OK
r-devel-windows-x86_64 1.2.1 90.00 70.00 160.00 OK
r-devel-windows-x86_64-gcc10-UCRT 1.2.1 OK
r-patched-linux-x86_64 1.2.1 64.48 30.77 95.25 OK
r-patched-solaris-x86 1.2.1 133.40 OK
r-release-linux-x86_64 1.2.1 66.11 31.34 97.45 OK
r-release-macos-arm64 1.2.1 NOTE
r-release-macos-x86_64 1.2.1 NOTE
r-release-windows-ix86+x86_64 1.2.1 132.00 80.00 212.00 OK
r-oldrel-macos-x86_64 1.2.1 NOTE
r-oldrel-windows-ix86+x86_64 1.2.1 155.00 95.00 250.00 OK

Check Details

Version: 1.2.1
Check: installed package size
Result: NOTE
     installed size is 6.0Mb
     sub-directories of 1Mb or more:
     doc 1.2Mb
     libs 4.5Mb
Flavors: r-devel-linux-x86_64-fedora-clang, r-release-macos-arm64, r-release-macos-x86_64, r-oldrel-macos-x86_64