CRAN Package Check Results for Package jpeg

Last updated on 2021-07-24 19:50:21 CEST.

Flavor Version Tinstall Tcheck Ttotal Status Flags
r-devel-linux-x86_64-debian-clang 0.1-8.1 2.56 22.08 24.64 OK
r-devel-linux-x86_64-debian-gcc 0.1-8.1 1.76 17.80 19.56 OK
r-devel-linux-x86_64-fedora-clang 0.1-8.1 40.36 NOTE
r-devel-linux-x86_64-fedora-gcc 0.1-9 30.60 OK
r-devel-windows-x86_64 0.1-8.1 8.00 36.00 44.00 OK
r-devel-windows-x86_64-gcc10-UCRT 0.1-8.1 OK
r-patched-linux-x86_64 0.1-8.1 2.55 21.68 24.23 OK
r-patched-solaris-x86 0.1-9 46.20 OK
r-release-linux-x86_64 0.1-8.1 2.51 21.71 24.22 OK
r-release-macos-arm64 0.1-8.1 OK
r-release-macos-x86_64 0.1-8.1 OK
r-release-windows-ix86+x86_64 0.1-8.1 14.00 33.00 47.00 OK
r-oldrel-macos-x86_64 0.1-8.1 OK
r-oldrel-windows-ix86+x86_64 0.1-8.1 13.00 32.00 45.00 OK

Check Details

Version: 0.1-8.1
Check: compiled code
Result: NOTE
    File ‘jpeg/libs/jpeg.so’:
     Found no calls to: ‘R_registerRoutines’, ‘R_useDynamicSymbols’
    
    It is good practice to register native routines and to disable symbol
    search.
    
    See ‘Writing portable packages’ in the ‘Writing R Extensions’ manual.
Flavor: r-devel-linux-x86_64-fedora-clang