CRAN Package Check Results for Package jose

Last updated on 2021-09-21 04:55:14 CEST.

Flavor Version Tinstall Tcheck Ttotal Status Flags
r-devel-linux-x86_64-debian-clang 1.1.0 2.58 31.77 34.35 OK
r-devel-linux-x86_64-debian-gcc 1.1.0 2.19 25.27 27.46 OK
r-devel-linux-x86_64-fedora-clang 1.1.0 50.50 OK
r-devel-linux-x86_64-fedora-gcc 1.1.0 40.01 OK
r-devel-windows-x86_64 1.1.0 3.00 42.00 45.00 OK
r-devel-windows-x86_64-gcc10-UCRT 1.1.0 ERROR
r-patched-linux-x86_64 1.1.0 2.75 31.37 34.12 OK
r-patched-solaris-x86 1.1.0 69.10 OK
r-release-linux-x86_64 1.1.0 2.57 31.58 34.15 OK
r-release-macos-arm64 1.1.0 OK
r-release-macos-x86_64 1.1.0 OK
r-release-windows-ix86+x86_64 1.1.0 6.00 38.00 44.00 OK
r-oldrel-macos-x86_64 1.1.0 OK
r-oldrel-windows-ix86+x86_64 1.1.0 6.00 42.00 48.00 OK

Check Details

Version: 1.1.0
Check: whether package can be installed
Result: WARN
    Found the following significant warnings:
     WARNING: installation-time patches will not be applied, could not get the patches index
Flavor: r-devel-windows-x86_64-gcc10-UCRT

Version: 1.1.0
Check: PDF version of manual
Result: WARN
    LaTeX errors when creating PDF version.
    This typically indicates Rd problems.
Flavor: r-devel-windows-x86_64-gcc10-UCRT

Version: 1.1.0
Check: PDF version of manual without hyperrefs or index
Result: ERROR
    Re-running with no redirection of stdout/stderr.
Flavor: r-devel-windows-x86_64-gcc10-UCRT