CRAN Package Check Results for Package joinet

Last updated on 2021-05-10 05:47:45 CEST.

Flavor Version Tinstall Tcheck Ttotal Status Flags
r-devel-linux-x86_64-debian-clang 0.0.7 3.04 65.24 68.28 NOTE
r-devel-linux-x86_64-debian-gcc 0.0.7 2.29 49.13 51.42 NOTE
r-devel-linux-x86_64-fedora-clang 0.0.7 91.43 NOTE
r-devel-linux-x86_64-fedora-gcc 0.0.7 83.25 NOTE
r-devel-windows-ix86+x86_64 0.0.7 5.00 87.00 92.00 NOTE
r-devel-windows-x86_64-gcc10-UCRT 0.0.7 NOTE
r-patched-linux-x86_64 0.0.7 3.01 63.52 66.53 NOTE
r-patched-solaris-x86 0.0.7 64.50 NOTE
r-release-linux-x86_64 0.0.7 2.79 62.45 65.24 NOTE
r-release-macos-x86_64 0.0.7 OK
r-release-windows-ix86+x86_64 0.0.7 5.00 68.00 73.00 OK
r-oldrel-macos-x86_64 0.0.7 OK
r-oldrel-windows-ix86+x86_64 0.0.7 5.00 85.00 90.00 OK

Check Details

Version: 0.0.7
Check: package dependencies
Result: NOTE
    Packages which this enhances but not available for checking:
     'MRCE', 'remMap'
Flavors: r-devel-linux-x86_64-debian-clang, r-devel-linux-x86_64-debian-gcc, r-devel-linux-x86_64-fedora-clang, r-devel-linux-x86_64-fedora-gcc, r-devel-windows-x86_64-gcc10-UCRT, r-patched-linux-x86_64, r-patched-solaris-x86, r-release-linux-x86_64

Version: 0.0.7
Check: LazyData
Result: NOTE
     'LazyData' is specified without a 'data' directory
Flavors: r-devel-linux-x86_64-debian-clang, r-devel-linux-x86_64-debian-gcc, r-devel-linux-x86_64-fedora-clang, r-devel-linux-x86_64-fedora-gcc, r-devel-windows-ix86+x86_64, r-devel-windows-x86_64-gcc10-UCRT, r-patched-linux-x86_64, r-patched-solaris-x86