CRAN Package Check Results for Package jocre

Last updated on 2021-09-21 16:51:29 CEST.

Flavor Version Tinstall Tcheck Ttotal Status Flags
r-devel-linux-x86_64-debian-clang 0.3.3 6.80 44.97 51.77 OK
r-devel-linux-x86_64-debian-gcc 0.3.3 6.10 34.07 40.17 OK
r-devel-linux-x86_64-fedora-clang 0.3.3 70.84 OK
r-devel-linux-x86_64-fedora-gcc 0.3.3 61.04 OK
r-devel-windows-x86_64 0.3.3 10.00 51.00 61.00 OK
r-devel-windows-x86_64-gcc10-UCRT 0.3.3 ERROR
r-patched-linux-x86_64 0.3.3 6.83 43.13 49.96 OK
r-patched-solaris-x86 0.3.3 82.50 OK
r-release-linux-x86_64 0.3.3 6.80 43.77 50.57 OK
r-release-macos-arm64 0.3.3 OK
r-release-macos-x86_64 0.3.3 OK
r-release-windows-ix86+x86_64 0.3.3 17.00 48.00 65.00 OK
r-oldrel-macos-x86_64 0.3.3 OK
r-oldrel-windows-ix86+x86_64 0.3.3 13.00 49.00 62.00 OK

Check Details

Version: 0.3.3
Check: whether package can be installed
Result: WARN
    Found the following significant warnings:
     WARNING: installation-time patches will not be applied, could not get the patches index
Flavor: r-devel-windows-x86_64-gcc10-UCRT

Version: 0.3.3
Check: PDF version of manual
Result: WARN
    LaTeX errors when creating PDF version.
    This typically indicates Rd problems.
Flavor: r-devel-windows-x86_64-gcc10-UCRT

Version: 0.3.3
Check: PDF version of manual without hyperrefs or index
Result: ERROR
    Re-running with no redirection of stdout/stderr.
Flavor: r-devel-windows-x86_64-gcc10-UCRT