CRAN Package Check Results for Package jmcm

Last updated on 2022-01-19 00:46:25 CET.

Flavor Version Tinstall Tcheck Ttotal Status Flags
r-devel-linux-x86_64-debian-clang 0.2.4 47.58 67.69 115.27 OK
r-devel-linux-x86_64-debian-gcc 0.2.4 38.26 53.74 92.00 OK
r-devel-linux-x86_64-fedora-clang 0.2.4 160.52 NOTE
r-devel-linux-x86_64-fedora-gcc 0.2.4 138.73 OK
r-devel-windows-x86_64-new-UL 0.2.4 63.00 101.00 164.00 OK
r-devel-windows-x86_64-new-TK 0.2.4 OK
r-patched-linux-x86_64 0.2.4 41.93 65.59 107.52 OK
r-release-linux-x86_64 0.2.4 OK
r-release-macos-arm64 0.2.4 NOTE
r-release-macos-x86_64 0.2.4 NOTE
r-release-windows-ix86+x86_64 0.2.4 113.00 117.00 230.00 OK
r-oldrel-macos-x86_64 0.2.4 NOTE
r-oldrel-windows-ix86+x86_64 0.2.4 113.00 118.00 231.00 OK

Check Details

Version: 0.2.4
Check: installed package size
Result: NOTE
     installed size is 5.1Mb
     sub-directories of 1Mb or more:
     libs 3.8Mb
Flavors: r-devel-linux-x86_64-fedora-clang, r-release-macos-arm64, r-release-macos-x86_64, r-oldrel-macos-x86_64