CRAN Package Check Results for Package jipApprox

Last updated on 2021-05-18 21:54:07 CEST.

Flavor Version Tinstall Tcheck Ttotal Status Flags
r-devel-linux-x86_64-debian-clang 0.1.3 2.51 24.25 26.76 NOTE
r-devel-linux-x86_64-debian-gcc 0.1.3 2.06 19.27 21.33 NOTE
r-devel-linux-x86_64-fedora-clang 0.1.3 41.87 NOTE
r-devel-linux-x86_64-fedora-gcc 0.1.3 31.38 NOTE
r-devel-windows-ix86+x86_64 0.1.3 5.00 29.00 34.00 NOTE
r-devel-windows-x86_64-gcc10-UCRT 0.1.3 NOTE
r-patched-linux-x86_64 0.1.3 2.58 23.71 26.29 NOTE
r-patched-solaris-x86 0.1.3 48.80 NOTE
r-release-linux-x86_64 0.1.3 2.37 23.36 25.73 OK
r-release-macos-x86_64 0.1.3 OK
r-release-windows-ix86+x86_64 0.1.3 5.00 34.00 39.00 OK
r-oldrel-macos-x86_64 0.1.3 OK
r-oldrel-windows-ix86+x86_64 0.1.3 4.00 35.00 39.00 OK

Check Details

Version: 0.1.3
Check: LazyData
Result: NOTE
     'LazyData' is specified without a 'data' directory
Flavors: r-devel-linux-x86_64-debian-clang, r-devel-linux-x86_64-debian-gcc, r-devel-linux-x86_64-fedora-clang, r-devel-linux-x86_64-fedora-gcc, r-devel-windows-ix86+x86_64, r-devel-windows-x86_64-gcc10-UCRT, r-patched-linux-x86_64, r-patched-solaris-x86