CRAN Package Check Results for Package jipApprox

Last updated on 2021-07-23 19:50:06 CEST.

Flavor Version Tinstall Tcheck Ttotal Status Flags
r-devel-linux-x86_64-debian-clang 0.1.3 2.54 24.42 26.96 NOTE
r-devel-linux-x86_64-debian-gcc 0.1.3 1.91 19.50 21.41 NOTE
r-devel-linux-x86_64-fedora-clang 0.1.3 42.25 NOTE
r-devel-linux-x86_64-fedora-gcc 0.1.3 32.31 NOTE
r-devel-windows-x86_64 0.1.3 4.00 34.00 38.00 NOTE
r-devel-windows-x86_64-gcc10-UCRT 0.1.3 NOTE
r-patched-linux-x86_64 0.1.3 2.95 24.05 27.00 NOTE
r-patched-solaris-x86 0.1.3 48.40 NOTE
r-release-linux-x86_64 0.1.3 2.52 23.77 26.29 NOTE
r-release-macos-arm64 0.1.3 NOTE
r-release-macos-x86_64 0.1.3 NOTE
r-release-windows-ix86+x86_64 0.1.3 5.00 31.00 36.00 NOTE
r-oldrel-macos-x86_64 0.1.3 OK
r-oldrel-windows-ix86+x86_64 0.1.3 7.00 31.00 38.00 OK

Check Details

Version: 0.1.3
Check: LazyData
Result: NOTE
     'LazyData' is specified without a 'data' directory
Flavors: r-devel-linux-x86_64-debian-clang, r-devel-linux-x86_64-debian-gcc, r-devel-linux-x86_64-fedora-clang, r-devel-linux-x86_64-fedora-gcc, r-devel-windows-x86_64, r-devel-windows-x86_64-gcc10-UCRT, r-patched-linux-x86_64, r-patched-solaris-x86, r-release-linux-x86_64, r-release-macos-arm64, r-release-macos-x86_64, r-release-windows-ix86+x86_64