CRAN Package Check Results for Package jenga

Last updated on 2022-01-27 12:53:52 CET.

Flavor Version Tinstall Tcheck Ttotal Status Flags
r-devel-linux-x86_64-debian-clang 1.0.0 14.17 118.76 132.93 OK
r-devel-linux-x86_64-debian-gcc 1.0.0 10.74 89.13 99.87 OK
r-devel-linux-x86_64-fedora-clang 1.0.0 148.85 NOTE
r-devel-linux-x86_64-fedora-gcc 1.0.0 144.24 NOTE
r-devel-windows-x86_64-new-UL 1.0.0 19.00 134.00 153.00 OK
r-devel-windows-x86_64-new-TK 1.0.0 NOTE
r-patched-linux-x86_64 1.0.0 10.95 107.18 118.13 OK
r-release-linux-x86_64 1.0.0 7.53 106.62 114.15 OK
r-release-macos-arm64 1.0.0 NOTE
r-release-macos-x86_64 1.0.0 NOTE
r-release-windows-ix86+x86_64 1.0.0 27.00 126.00 153.00 OK
r-oldrel-macos-x86_64 1.0.0 NOTE
r-oldrel-windows-ix86+x86_64 1.0.0 28.00 131.00 159.00 OK

Check Details

Version: 1.0.0
Check: dependencies in R code
Result: NOTE
    Namespace in Imports field not imported from: ‘stringr’
     All declared Imports should be used.
Flavors: r-devel-linux-x86_64-fedora-clang, r-devel-linux-x86_64-fedora-gcc, r-devel-windows-x86_64-new-TK, r-release-macos-arm64, r-release-macos-x86_64, r-oldrel-macos-x86_64