CRAN Package Check Results for Package jeek

Last updated on 2021-09-20 16:50:38 CEST.

Flavor Version Tinstall Tcheck Ttotal Status Flags
r-devel-linux-x86_64-debian-clang 1.1.1 2.76 33.18 35.94 OK
r-devel-linux-x86_64-debian-gcc 1.1.1 2.41 25.89 28.30 OK
r-devel-linux-x86_64-fedora-clang 1.1.1 52.85 OK
r-devel-linux-x86_64-fedora-gcc 1.1.1 41.58 OK
r-devel-windows-x86_64 1.1.1 4.00 40.00 44.00 OK
r-devel-windows-x86_64-gcc10-UCRT 1.1.1 ERROR
r-patched-linux-x86_64 1.1.1 3.32 32.06 35.38 OK
r-patched-solaris-x86 1.1.1 66.60 OK
r-release-linux-x86_64 1.1.1 2.85 31.79 34.64 OK
r-release-macos-arm64 1.1.1 OK
r-release-macos-x86_64 1.1.1 OK
r-release-windows-ix86+x86_64 1.1.1 7.00 40.00 47.00 OK
r-oldrel-macos-x86_64 1.1.1 OK
r-oldrel-windows-ix86+x86_64 1.1.1 6.00 37.00 43.00 OK

Check Details

Version: 1.1.1
Check: whether package can be installed
Result: WARN
    Found the following significant warnings:
     WARNING: installation-time patches will not be applied, could not get the patches index
Flavor: r-devel-windows-x86_64-gcc10-UCRT

Version: 1.1.1
Check: PDF version of manual
Result: WARN
    LaTeX errors when creating PDF version.
    This typically indicates Rd problems.
Flavor: r-devel-windows-x86_64-gcc10-UCRT

Version: 1.1.1
Check: PDF version of manual without hyperrefs or index
Result: ERROR
    Re-running with no redirection of stdout/stderr.
Flavor: r-devel-windows-x86_64-gcc10-UCRT