CRAN Package Check Results for Package jcolors

Last updated on 2022-07-07 05:56:04 CEST.

Flavor Version Tinstall Tcheck Ttotal Status Flags
r-devel-linux-x86_64-debian-clang 0.0.4 6.06 70.59 76.65 NOTE
r-devel-linux-x86_64-debian-gcc 0.0.4 4.90 53.10 58.00 NOTE
r-devel-linux-x86_64-fedora-clang 0.0.4 100.85 NOTE
r-devel-linux-x86_64-fedora-gcc 0.0.4 97.92 NOTE
r-devel-windows-x86_64 0.0.4 20.00 96.00 116.00 NOTE
r-patched-linux-x86_64 0.0.4 5.70 65.24 70.94 NOTE
r-release-linux-x86_64 0.0.4 5.76 66.85 72.61 NOTE
r-release-macos-arm64 0.0.4 35.00 NOTE
r-release-macos-x86_64 0.0.4 63.00 NOTE
r-release-windows-x86_64 0.0.4 20.00 112.00 132.00 NOTE
r-oldrel-macos-arm64 0.0.4 46.00 NOTE
r-oldrel-macos-x86_64 0.0.4 54.00 NOTE
r-oldrel-windows-ix86+x86_64 0.0.4 15.00 90.00 105.00 NOTE

Check Details

Version: 0.0.4
Check: LazyData
Result: NOTE
     'LazyData' is specified without a 'data' directory
Flavors: r-devel-linux-x86_64-debian-clang, r-devel-linux-x86_64-debian-gcc, r-devel-linux-x86_64-fedora-clang, r-devel-linux-x86_64-fedora-gcc, r-devel-windows-x86_64, r-patched-linux-x86_64, r-release-linux-x86_64, r-release-macos-arm64, r-release-macos-x86_64, r-release-windows-x86_64, r-oldrel-macos-arm64, r-oldrel-macos-x86_64, r-oldrel-windows-ix86+x86_64