CRAN Package Check Results for Package jaod

Last updated on 2021-09-26 16:49:17 CEST.

Flavor Version Tinstall Tcheck Ttotal Status Flags
r-devel-linux-x86_64-debian-clang 0.3.0 2.04 27.30 29.34 NOTE
r-devel-linux-x86_64-debian-gcc 0.3.0 1.50 21.61 23.11 NOTE
r-devel-linux-x86_64-fedora-clang 0.3.0 44.13 NOTE
r-devel-linux-x86_64-fedora-gcc 0.3.0 33.21 NOTE
r-devel-windows-x86_64 0.3.0 4.00 34.00 38.00 NOTE
r-devel-windows-x86_64-gcc10-UCRT 0.3.0 NOTE
r-patched-linux-x86_64 0.3.0 1.99 26.62 28.61 NOTE
r-patched-solaris-x86 0.3.0 51.90 NOTE
r-release-linux-x86_64 0.3.0 2.01 26.45 28.46 NOTE
r-release-macos-arm64 0.3.0 NOTE
r-release-macos-x86_64 0.3.0 NOTE
r-release-windows-ix86+x86_64 0.3.0 5.00 33.00 38.00 NOTE
r-oldrel-macos-x86_64 0.3.0 OK
r-oldrel-windows-ix86+x86_64 0.3.0 6.00 33.00 39.00 OK

Check Details

Version: 0.3.0
Check: LazyData
Result: NOTE
     'LazyData' is specified without a 'data' directory
Flavors: r-devel-linux-x86_64-debian-clang, r-devel-linux-x86_64-debian-gcc, r-devel-linux-x86_64-fedora-clang, r-devel-linux-x86_64-fedora-gcc, r-devel-windows-x86_64, r-devel-windows-x86_64-gcc10-UCRT, r-patched-linux-x86_64, r-patched-solaris-x86, r-release-linux-x86_64, r-release-macos-arm64, r-release-macos-x86_64, r-release-windows-ix86+x86_64