Last updated on 2022-07-02 05:50:59 CEST.
Flavor | Version | Tinstall | Tcheck | Ttotal | Status | Flags |
---|---|---|---|---|---|---|
r-devel-linux-x86_64-debian-clang | 0.1.0 | 7.76 | 67.62 | 75.38 | OK | |
r-devel-linux-x86_64-debian-gcc | 0.1.0 | 5.63 | 50.43 | 56.06 | OK | |
r-devel-linux-x86_64-fedora-clang | 0.1.0 | 98.24 | NOTE | |||
r-devel-linux-x86_64-fedora-gcc | 0.1.0 | 97.14 | NOTE | |||
r-devel-windows-x86_64 | 0.1.0 | 18.00 | 99.00 | 117.00 | OK | |
r-patched-linux-x86_64 | 0.1.0 | 5.07 | 63.50 | 68.57 | OK | |
r-release-linux-x86_64 | 0.1.0 | 6.70 | 63.25 | 69.95 | OK | |
r-release-macos-arm64 | 0.1.0 | 28.00 | NOTE | |||
r-release-macos-x86_64 | 0.1.0 | 51.00 | NOTE | |||
r-release-windows-x86_64 | 0.1.0 | 25.00 | 99.00 | 124.00 | OK | |
r-oldrel-macos-arm64 | 0.1.0 | 34.00 | NOTE | |||
r-oldrel-macos-x86_64 | 0.1.0 | 46.00 | NOTE | |||
r-oldrel-windows-ix86+x86_64 | 0.1.0 | 18.00 | 97.00 | 115.00 | OK |
Version: 0.1.0
Check: dependencies in R code
Result: NOTE
Namespaces in Imports field not imported from:
‘fBasics’ ‘reshape’ ‘tidyr’ ‘utils’
All declared Imports should be used.
Flavors: r-devel-linux-x86_64-fedora-clang, r-devel-linux-x86_64-fedora-gcc, r-release-macos-arm64, r-release-macos-x86_64, r-oldrel-macos-arm64, r-oldrel-macos-x86_64
Version: 0.1.0
Check: data for non-ASCII characters
Result: NOTE
Note: found 2261 marked UTF-8 strings
Flavors: r-devel-linux-x86_64-fedora-clang, r-devel-linux-x86_64-fedora-gcc, r-release-macos-arm64, r-release-macos-x86_64, r-oldrel-macos-arm64, r-oldrel-macos-x86_64