CRAN Package Check Results for Package jaatha

Last updated on 2021-08-02 07:51:51 CEST.

Flavor Version Tinstall Tcheck Ttotal Status Flags
r-devel-linux-x86_64-debian-clang 3.2.1 7.20 64.37 71.57 OK
r-devel-linux-x86_64-debian-gcc 3.2.1 5.35 48.54 53.89 WARN
r-devel-linux-x86_64-fedora-clang 3.2.1 99.89 WARN
r-devel-linux-x86_64-fedora-gcc 3.2.1 84.93 WARN
r-devel-windows-x86_64 3.2.1 9.00 89.00 98.00 OK
r-devel-windows-x86_64-gcc10-UCRT 3.2.1 OK
r-patched-linux-x86_64 3.2.1 OK
r-patched-solaris-x86 3.2.1 104.40 WARN
r-release-linux-x86_64 3.2.1 6.76 60.28 67.04 OK
r-release-macos-arm64 3.2.1 OK
r-release-macos-x86_64 3.2.1 OK
r-release-windows-ix86+x86_64 3.2.1 12.00 86.00 98.00 OK
r-oldrel-macos-x86_64 3.2.1 OK
r-oldrel-windows-ix86+x86_64 3.2.1 11.00 82.00 93.00 OK

Check Details

Version: 3.2.1
Check: package dependencies
Result: NOTE
    Package suggested but not available for checking: ‘coala’
Flavors: r-devel-linux-x86_64-debian-gcc, r-devel-linux-x86_64-fedora-clang, r-devel-linux-x86_64-fedora-gcc, r-patched-solaris-x86

Version: 3.2.1
Check: Rd cross-references
Result: NOTE
    Unknown package ‘coala’ in Rd xrefs
Flavors: r-devel-linux-x86_64-debian-gcc, r-devel-linux-x86_64-fedora-clang, r-devel-linux-x86_64-fedora-gcc, r-patched-solaris-x86

Version: 3.2.1
Check: re-building of vignette outputs
Result: WARN
    Error(s) in re-building vignettes:
     ...
    --- re-building ‘jaatha-evolution.Rmd’ using rmarkdown
    Quitting from lines 26-33 (jaatha-evolution.Rmd)
    Error: processing vignette 'jaatha-evolution.Rmd' failed with diagnostics:
    there is no package called 'coala'
    --- failed re-building ‘jaatha-evolution.Rmd’
    
    --- re-building ‘jaatha-intro.Rmd’ using rmarkdown
    --- finished re-building ‘jaatha-intro.Rmd’
    
    SUMMARY: processing the following file failed:
     ‘jaatha-evolution.Rmd’
    
    Error: Vignette re-building failed.
    Execution halted
Flavor: r-devel-linux-x86_64-debian-gcc

Version: 3.2.1
Check: re-building of vignette outputs
Result: WARN
    Error(s) in re-building vignettes:
    --- re-building ‘jaatha-evolution.Rmd’ using rmarkdown
    Quitting from lines 26-33 (jaatha-evolution.Rmd)
    Error: processing vignette 'jaatha-evolution.Rmd' failed with diagnostics:
    there is no package called 'coala'
    --- failed re-building ‘jaatha-evolution.Rmd’
    
    --- re-building ‘jaatha-intro.Rmd’ using rmarkdown
    --- finished re-building ‘jaatha-intro.Rmd’
    
    SUMMARY: processing the following file failed:
     ‘jaatha-evolution.Rmd’
    
    Error: Vignette re-building failed.
    Execution halted
Flavors: r-devel-linux-x86_64-fedora-clang, r-devel-linux-x86_64-fedora-gcc

Version: 3.2.1
Check: re-building of vignette outputs
Result: WARN
    Error(s) in re-building vignettes:
     ...
    --- re-building ‘jaatha-evolution.Rmd’ using rmarkdown
    Warning in engine$weave(file, quiet = quiet, encoding = enc) :
     Pandoc (>= 1.12.3) not available. Falling back to R Markdown v1.
    Quitting from lines 26-33 (jaatha-evolution.Rmd)
    Error: processing vignette 'jaatha-evolution.Rmd' failed with diagnostics:
    there is no package called 'coala'
    --- failed re-building ‘jaatha-evolution.Rmd’
    
    --- re-building ‘jaatha-intro.Rmd’ using rmarkdown
    Warning in engine$weave(file, quiet = quiet, encoding = enc) :
     Pandoc (>= 1.12.3) not available. Falling back to R Markdown v1.
    --- finished re-building ‘jaatha-intro.Rmd’
    
    SUMMARY: processing the following file failed:
     ‘jaatha-evolution.Rmd’
    
    Error: Vignette re-building failed.
    Execution halted
Flavor: r-patched-solaris-x86