CRAN Package Check Results for Package ivitr

Last updated on 2021-11-30 11:52:00 CET.

Flavor Version Tinstall Tcheck Ttotal Status Flags
r-devel-linux-x86_64-debian-clang 0.1.0 2.42 34.78 37.20 NOTE
r-devel-linux-x86_64-debian-gcc 0.1.0 2.01 27.82 29.83 NOTE
r-devel-linux-x86_64-fedora-clang 0.1.0 56.73 NOTE
r-devel-linux-x86_64-fedora-gcc 0.1.0 44.62 NOTE
r-devel-windows-x86_64-new-UL 0.1.0 7.00 69.00 76.00 NOTE
r-devel-windows-x86_64-new-TK 0.1.0 NOTE
r-devel-windows-x86_64-old 0.1.0 4.00 41.00 45.00 NOTE
r-patched-linux-x86_64 0.1.0 2.32 32.89 35.21 NOTE
r-patched-solaris-x86 0.1.0 70.20 NOTE
r-release-linux-x86_64 0.1.0 2.29 32.89 35.18 NOTE
r-release-macos-arm64 0.1.0 NOTE
r-release-macos-x86_64 0.1.0 NOTE
r-release-windows-ix86+x86_64 0.1.0 7.00 42.00 49.00 NOTE
r-oldrel-macos-x86_64 0.1.0 NOTE
r-oldrel-windows-ix86+x86_64 0.1.0 4.00 51.00 55.00 NOTE

Check Details

Version: 0.1.0
Check: package dependencies
Result: NOTE
    Package suggested but not available for checking: 'locClass'
Flavors: r-devel-linux-x86_64-debian-clang, r-devel-linux-x86_64-debian-gcc, r-devel-linux-x86_64-fedora-clang, r-devel-linux-x86_64-fedora-gcc, r-devel-windows-x86_64-new-UL, r-devel-windows-x86_64-new-TK, r-devel-windows-x86_64-old, r-patched-linux-x86_64, r-patched-solaris-x86, r-release-linux-x86_64, r-release-macos-arm64, r-release-macos-x86_64, r-release-windows-ix86+x86_64, r-oldrel-macos-x86_64, r-oldrel-windows-ix86+x86_64