CRAN Package Check Results for Package its.analysis

Last updated on 2021-11-30 11:52:00 CET.

Flavor Version Tinstall Tcheck Ttotal Status Flags
r-devel-linux-x86_64-debian-clang 1.6.0 7.83 71.70 79.53 NOTE
r-devel-linux-x86_64-debian-gcc 1.6.0 4.90 54.79 59.69 NOTE
r-devel-linux-x86_64-fedora-clang 1.6.0 103.79 NOTE
r-devel-linux-x86_64-fedora-gcc 1.6.0 91.88 NOTE
r-devel-windows-x86_64-new-UL 1.6.0 14.00 113.00 127.00 NOTE
r-devel-windows-x86_64-new-TK 1.6.0 NOTE
r-devel-windows-x86_64-old 1.6.0 13.00 75.00 88.00 NOTE
r-patched-linux-x86_64 1.6.0 7.24 66.06 73.30 NOTE
r-patched-solaris-x86 1.6.0 132.70 NOTE
r-release-linux-x86_64 1.6.0 7.36 66.17 73.53 NOTE
r-release-macos-arm64 1.6.0 NOTE
r-release-macos-x86_64 1.6.0 NOTE
r-release-windows-ix86+x86_64 1.6.0 18.00 63.00 81.00 NOTE
r-oldrel-macos-x86_64 1.6.0 OK
r-oldrel-windows-ix86+x86_64 1.6.0 14.00 68.00 82.00 OK

Check Details

Version: 1.6.0
Check: LazyData
Result: NOTE
     'LazyData' is specified without a 'data' directory
Flavors: r-devel-linux-x86_64-debian-clang, r-devel-linux-x86_64-debian-gcc, r-devel-linux-x86_64-fedora-clang, r-devel-linux-x86_64-fedora-gcc, r-devel-windows-x86_64-new-UL, r-devel-windows-x86_64-new-TK, r-devel-windows-x86_64-old, r-patched-linux-x86_64, r-patched-solaris-x86, r-release-linux-x86_64, r-release-macos-arm64, r-release-macos-x86_64, r-release-windows-ix86+x86_64