CRAN Package Check Results for Package itertools2

Last updated on 2021-09-21 16:51:28 CEST.

Flavor Version Tinstall Tcheck Ttotal Status Flags
r-devel-linux-x86_64-debian-clang 0.1.1 2.97 30.85 33.82 OK
r-devel-linux-x86_64-debian-gcc 0.1.1 2.45 23.95 26.40 OK
r-devel-linux-x86_64-fedora-clang 0.1.1 48.92 OK
r-devel-linux-x86_64-fedora-gcc 0.1.1 38.68 OK
r-devel-windows-x86_64 0.1.1 4.00 35.00 39.00 OK
r-devel-windows-x86_64-gcc10-UCRT 0.1.1 ERROR
r-patched-linux-x86_64 0.1.1 3.12 29.64 32.76 OK
r-patched-solaris-x86 0.1.1 55.40 OK
r-release-linux-x86_64 0.1.1 3.00 29.64 32.64 OK
r-release-macos-arm64 0.1.1 OK
r-release-macos-x86_64 0.1.1 OK
r-release-windows-ix86+x86_64 0.1.1 6.00 36.00 42.00 OK
r-oldrel-macos-x86_64 0.1.1 OK
r-oldrel-windows-ix86+x86_64 0.1.1 7.00 35.00 42.00 OK

Check Details

Version: 0.1.1
Check: whether package can be installed
Result: WARN
    Found the following significant warnings:
     WARNING: installation-time patches will not be applied, could not get the patches index
Flavor: r-devel-windows-x86_64-gcc10-UCRT

Version: 0.1.1
Check: PDF version of manual
Result: WARN
    LaTeX errors when creating PDF version.
    This typically indicates Rd problems.
Flavor: r-devel-windows-x86_64-gcc10-UCRT

Version: 0.1.1
Check: PDF version of manual without hyperrefs or index
Result: ERROR
    Re-running with no redirection of stdout/stderr.
Flavor: r-devel-windows-x86_64-gcc10-UCRT