CRAN Package Check Results for Package irtGUI

Last updated on 2021-09-18 05:02:35 CEST.

Flavor Version Tinstall Tcheck Ttotal Status Flags
r-devel-linux-x86_64-debian-clang 0.2 11.17 87.02 98.19 NOTE
r-devel-linux-x86_64-debian-gcc 0.2 8.41 67.05 75.46 NOTE
r-devel-linux-x86_64-fedora-clang 0.2 128.13 NOTE
r-devel-linux-x86_64-fedora-gcc 0.2 117.58 NOTE
r-devel-windows-x86_64 0.2 12.00 106.00 118.00 NOTE
r-devel-windows-x86_64-gcc10-UCRT 0.2 NOTE
r-patched-linux-x86_64 0.2 8.86 84.04 92.90 NOTE
r-patched-solaris-x86 0.2 171.30 NOTE
r-release-linux-x86_64 0.2 8.37 84.40 92.77 NOTE
r-release-macos-arm64 0.2 NOTE
r-release-macos-x86_64 0.2 NOTE
r-release-windows-ix86+x86_64 0.2 26.00 83.00 109.00 NOTE
r-oldrel-macos-x86_64 0.2 OK
r-oldrel-windows-ix86+x86_64 0.2 26.00 82.00 108.00 OK

Check Details

Version: 0.2
Check: LazyData
Result: NOTE
     'LazyData' is specified without a 'data' directory
Flavors: r-devel-linux-x86_64-debian-clang, r-devel-linux-x86_64-debian-gcc, r-devel-linux-x86_64-fedora-clang, r-devel-linux-x86_64-fedora-gcc, r-devel-windows-x86_64, r-devel-windows-x86_64-gcc10-UCRT, r-patched-linux-x86_64, r-patched-solaris-x86, r-release-linux-x86_64, r-release-macos-arm64, r-release-macos-x86_64, r-release-windows-ix86+x86_64