Last updated on 2022-08-08 09:50:42 CEST.
Flavor | Version | Tinstall | Tcheck | Ttotal | Status | Flags |
---|---|---|---|---|---|---|
r-devel-linux-x86_64-debian-clang | 0.7.2 | 48.30 | 42.94 | 91.24 | OK | |
r-devel-linux-x86_64-debian-gcc | 0.7.2 | 40.92 | 33.33 | 74.25 | OK | |
r-devel-linux-x86_64-fedora-clang | 0.7.2 | 132.93 | NOTE | |||
r-devel-linux-x86_64-fedora-gcc | 0.7.2 | 126.45 | NOTE | |||
r-devel-windows-x86_64 | 0.7.2 | 119.00 | 101.00 | 220.00 | OK | |
r-patched-linux-x86_64 | 0.7.2 | 44.88 | 40.97 | 85.85 | OK | |
r-release-linux-x86_64 | 0.7.2 | OK | ||||
r-release-macos-arm64 | 0.7.2 | 38.00 | NOTE | |||
r-release-macos-x86_64 | 0.7.2 | 55.00 | NOTE | |||
r-release-windows-x86_64 | 0.7.2 | 61.00 | 104.00 | 165.00 | OK | |
r-oldrel-macos-arm64 | 0.7.2 | 39.00 | NOTE | |||
r-oldrel-macos-x86_64 | 0.7.2 | 67.00 | NOTE | |||
r-oldrel-windows-ix86+x86_64 | 0.7.2 | 121.00 | 97.00 | 218.00 | OK |
Version: 0.7.2
Check: data for non-ASCII characters
Result: NOTE
Note: found 12 marked UTF-8 strings
Flavors: r-devel-linux-x86_64-fedora-clang, r-devel-linux-x86_64-fedora-gcc, r-release-macos-arm64, r-release-macos-x86_64, r-oldrel-macos-arm64, r-oldrel-macos-x86_64