Last updated on 2023-03-31 05:54:26 CEST.
Flavor | Version | Tinstall | Tcheck | Ttotal | Status | Flags |
---|---|---|---|---|---|---|
r-devel-linux-x86_64-debian-clang | 1.4.0 | 115.12 | 498.07 | 613.19 | NOTE | |
r-devel-linux-x86_64-debian-gcc | 1.4.0 | 99.23 | 373.42 | 472.65 | NOTE | |
r-devel-linux-x86_64-fedora-clang | 1.4.0 | 781.57 | NOTE | |||
r-devel-linux-x86_64-fedora-gcc | 1.4.0 | 749.64 | NOTE | |||
r-devel-windows-x86_64 | 1.4.0 | 118.00 | 0.00 | 118.00 | NOTE | |
r-patched-linux-x86_64 | 1.4.0 | 112.65 | 481.04 | 593.69 | NOTE | |
r-release-linux-x86_64 | 1.4.0 | 109.56 | 454.44 | 564.00 | OK | |
r-release-macos-arm64 | 1.4.0 | 164.00 | OK | |||
r-release-macos-x86_64 | 1.4.0 | 237.00 | OK | |||
r-release-windows-x86_64 | 1.4.0 | 353.00 | 524.00 | 877.00 | OK | |
r-oldrel-macos-arm64 | 1.4.0 | 145.00 | OK | |||
r-oldrel-macos-x86_64 | 1.4.0 | 225.00 | OK | |||
r-oldrel-windows-ix86+x86_64 | 1.4.0 | 262.00 | 673.00 | 935.00 | OK |
Version: 1.4.0
Check: C++ specification
Result: NOTE
Specified C++11: please drop specification unless essential
Flavors: r-devel-linux-x86_64-debian-clang, r-devel-linux-x86_64-debian-gcc, r-devel-linux-x86_64-fedora-clang, r-devel-linux-x86_64-fedora-gcc, r-devel-windows-x86_64, r-patched-linux-x86_64