CRAN Package Check Results for Package ips

Last updated on 2021-10-18 04:54:22 CEST.

Flavor Version Tinstall Tcheck Ttotal Status Flags
r-devel-linux-x86_64-debian-clang 0.0.11 14.43 102.24 116.67 OK
r-devel-linux-x86_64-debian-gcc 0.0.11 11.60 78.94 90.54 OK
r-devel-linux-x86_64-fedora-clang 0.0.11 147.54 NOTE
r-devel-linux-x86_64-fedora-gcc 0.0.11 138.70 NOTE
r-devel-windows-x86_64 0.0.11 24.00 128.00 152.00 OK
r-devel-windows-x86_64-gcc10-UCRT 0.0.11 NOTE
r-patched-linux-x86_64 0.0.11 15.67 100.41 116.08 OK
r-patched-solaris-x86 0.0.11 196.00 NOTE
r-release-linux-x86_64 0.0.11 13.13 99.82 112.95 OK
r-release-macos-arm64 0.0.11 NOTE
r-release-macos-x86_64 0.0.11 NOTE
r-release-windows-ix86+x86_64 0.0.11 21.00 122.00 143.00 OK
r-oldrel-macos-x86_64 0.0.11 NOTE
r-oldrel-windows-ix86+x86_64 0.0.11 28.00 129.00 157.00 OK

Check Details

Version: 0.0.11
Check: dependencies in R code
Result: NOTE
    Namespace in Imports field not imported from: ‘seqinr’
     All declared Imports should be used.
Flavors: r-devel-linux-x86_64-fedora-clang, r-devel-linux-x86_64-fedora-gcc, r-devel-windows-x86_64-gcc10-UCRT, r-patched-solaris-x86, r-release-macos-arm64, r-release-macos-x86_64, r-oldrel-macos-x86_64