Last updated on 2022-07-03 17:52:07 CEST.
Flavor | Version | Tinstall | Tcheck | Ttotal | Status | Flags |
---|---|---|---|---|---|---|
r-devel-linux-x86_64-debian-clang | 0.7.3 | 75.36 | 103.30 | 178.66 | OK | |
r-devel-linux-x86_64-debian-gcc | 0.7.3 | 61.42 | 78.46 | 139.88 | OK | |
r-devel-linux-x86_64-fedora-clang | 0.7.3 | 254.27 | NOTE | |||
r-devel-linux-x86_64-fedora-gcc | 0.7.3 | 233.61 | OK | |||
r-devel-windows-x86_64 | 0.7.3 | 87.00 | 156.00 | 243.00 | OK | |
r-patched-linux-x86_64 | 0.7.3 | 59.08 | 99.48 | 158.56 | OK | |
r-release-linux-x86_64 | 0.7.3 | 60.22 | 100.14 | 160.36 | OK | |
r-release-macos-arm64 | 0.7.3 | 60.00 | NOTE | |||
r-release-macos-x86_64 | 0.7.3 | 103.00 | NOTE | |||
r-release-windows-x86_64 | 0.7.3 | 103.00 | 149.00 | 252.00 | OK | |
r-oldrel-macos-arm64 | 0.7.3 | 69.00 | NOTE | |||
r-oldrel-macos-x86_64 | 0.7.3 | 96.00 | NOTE | |||
r-oldrel-windows-ix86+x86_64 | 0.7.3 | 181.00 | 183.00 | 364.00 | OK |
Version: 0.7.3
Check: installed package size
Result: NOTE
installed size is 8.0Mb
sub-directories of 1Mb or more:
libs 6.7Mb
Flavors: r-devel-linux-x86_64-fedora-clang, r-release-macos-arm64, r-release-macos-x86_64, r-oldrel-macos-arm64, r-oldrel-macos-x86_64