CRAN Package Check Results for Package ipeadatar

Last updated on 2022-01-22 00:48:28 CET.

Flavor Version Tinstall Tcheck Ttotal Status Flags
r-devel-linux-x86_64-debian-clang 0.1.5 2.49 35.38 37.87 OK
r-devel-linux-x86_64-debian-gcc 0.1.5 2.15 27.16 29.31 OK
r-devel-linux-x86_64-fedora-clang 0.1.5 47.41 OK
r-devel-linux-x86_64-fedora-gcc 0.1.5 31.10 ERROR
r-devel-windows-x86_64-new-UL 0.1.5 22.00 54.00 76.00 OK
r-devel-windows-x86_64-new-TK 0.1.4 OK
r-patched-linux-x86_64 0.1.4 2.84 0.03 2.87 FAIL
r-release-linux-x86_64 0.1.5 2.73 33.59 36.32 OK
r-release-macos-arm64 0.1.4 OK
r-release-macos-x86_64 0.1.5 OK
r-release-windows-ix86+x86_64 0.1.5 6.00 42.00 48.00 OK
r-oldrel-macos-x86_64 0.1.4 OK
r-oldrel-windows-ix86+x86_64 0.1.5 6.00 43.00 49.00 OK

Check Details

Version: 0.1.5
Check: examples
Result: ERROR
    Running examples in ‘ipeadatar-Ex.R’ failed
    The error most likely occurred in:
    
    > ### Name: ipeadata
    > ### Title: Returns a database about the requested series
    > ### Aliases: ipeadata
    >
    > ### ** Examples
    >
    > # Data from
    > # "PRECOS12_IPCA12": Extended National Consumer Price Index (IPCA), Brazil
    > dataBR <- ipeadata(code = "PRECOS12_IPCA12", language = "br")
    
    Execution halted
Flavor: r-devel-linux-x86_64-fedora-gcc

Version: 0.1.4
Check: examples
Result: FAIL
Flavor: r-patched-linux-x86_64