CRAN Package Check Results for Package ip2proxy

Last updated on 2021-07-29 07:49:34 CEST.

Flavor Version Tinstall Tcheck Ttotal Status Flags
r-devel-linux-x86_64-debian-clang 1.0.1 OK
r-devel-linux-x86_64-debian-gcc 1.0.1 6.08 48.45 54.53 OK
r-devel-linux-x86_64-fedora-clang 1.0.1 91.92 NOTE
r-devel-linux-x86_64-fedora-gcc 1.0.1 80.52 NOTE
r-devel-windows-x86_64 1.0.1 8.00 81.00 89.00 OK
r-devel-windows-x86_64-gcc10-UCRT 1.0.1 NOTE
r-patched-linux-x86_64 1.0.1 5.77 59.25 65.02 OK
r-patched-solaris-x86 1.0.1 121.30 NOTE
r-release-linux-x86_64 1.0.1 7.94 59.99 67.93 OK
r-release-macos-arm64 1.0.1 NOTE
r-release-macos-x86_64 1.0.1 NOTE
r-release-windows-ix86+x86_64 1.0.1 17.00 84.00 101.00 OK
r-oldrel-macos-x86_64 1.0.1 NOTE
r-oldrel-windows-ix86+x86_64 1.0.1 12.00 80.00 92.00 OK

Check Details

Version: 1.0.1
Check: dependencies in R code
Result: NOTE
    Namespace in Imports field not imported from: ‘stringr’
     All declared Imports should be used.
Flavors: r-devel-linux-x86_64-fedora-clang, r-devel-linux-x86_64-fedora-gcc, r-devel-windows-x86_64-gcc10-UCRT, r-patched-solaris-x86, r-release-macos-arm64, r-release-macos-x86_64, r-oldrel-macos-x86_64