CRAN Package Check Results for Package ionr

Last updated on 2024-02-21 15:50:49 CET.

Flavor Version Tinstall Tcheck Ttotal Status Flags
r-devel-linux-x86_64-debian-clang 0.3.0 NOTE
r-devel-linux-x86_64-debian-gcc 0.3.0 2.30 28.87 31.17 NOTE
r-devel-linux-x86_64-fedora-clang 0.3.0 50.09 NOTE
r-devel-linux-x86_64-fedora-gcc 0.3.0 49.02 NOTE
r-devel-windows-x86_64 0.3.0 4.00 53.00 57.00 NOTE
r-patched-linux-x86_64 0.3.0 3.48 37.44 40.92 NOTE
r-release-linux-x86_64 0.3.0 1.86 37.64 39.50 NOTE
r-release-macos-arm64 0.3.0 19.00 NOTE
r-release-macos-x86_64 0.3.0 30.00 NOTE
r-release-windows-x86_64 0.3.0 4.00 54.00 58.00 NOTE
r-oldrel-macos-arm64 0.3.0 19.00 NOTE
r-oldrel-windows-x86_64 0.3.0 5.00 57.00 62.00 NOTE

Check Details

Version: 0.3.0
Check: LazyData
Result: NOTE 'LazyData' is specified without a 'data' directory Flavors: r-devel-linux-x86_64-debian-clang, r-devel-linux-x86_64-debian-gcc, r-devel-linux-x86_64-fedora-clang, r-devel-linux-x86_64-fedora-gcc, r-devel-windows-x86_64, r-patched-linux-x86_64, r-release-linux-x86_64, r-release-macos-arm64, r-release-macos-x86_64, r-release-windows-x86_64, r-oldrel-macos-arm64, r-oldrel-windows-x86_64