CRAN Package Check Results for Package ionr

Last updated on 2023-03-29 04:51:13 CEST.

Flavor Version Tinstall Tcheck Ttotal Status Flags
r-devel-linux-x86_64-debian-clang 0.3.0 2.80 38.37 41.17 NOTE
r-devel-linux-x86_64-debian-gcc 0.3.0 1.75 29.37 31.12 NOTE
r-devel-linux-x86_64-fedora-clang 0.3.0 50.61 NOTE
r-devel-linux-x86_64-fedora-gcc 0.3.0 48.19 NOTE
r-devel-windows-x86_64 0.3.0 10.00 0.00 10.00 NOTE
r-patched-linux-x86_64 0.3.0 2.88 36.72 39.60 NOTE
r-release-linux-x86_64 0.3.0 2.91 36.90 39.81 NOTE
r-release-macos-arm64 0.3.0 19.00 NOTE
r-release-macos-x86_64 0.3.0 26.00 NOTE
r-release-windows-x86_64 0.3.0 11.00 65.00 76.00 NOTE
r-oldrel-macos-arm64 0.3.0 26.00 NOTE
r-oldrel-macos-x86_64 0.3.0 34.00 NOTE
r-oldrel-windows-ix86+x86_64 0.3.0 6.00 62.00 68.00 NOTE

Check Details

Version: 0.3.0
Check: LazyData
Result: NOTE
     'LazyData' is specified without a 'data' directory
Flavors: r-devel-linux-x86_64-debian-clang, r-devel-linux-x86_64-debian-gcc, r-devel-linux-x86_64-fedora-clang, r-devel-linux-x86_64-fedora-gcc, r-devel-windows-x86_64, r-patched-linux-x86_64, r-release-linux-x86_64, r-release-macos-arm64, r-release-macos-x86_64, r-release-windows-x86_64, r-oldrel-macos-arm64, r-oldrel-macos-x86_64, r-oldrel-windows-ix86+x86_64