CRAN Package Check Results for Package intrval

Last updated on 2022-10-02 11:54:15 CEST.

Flavor Version Tinstall Tcheck Ttotal Status Flags
r-devel-linux-x86_64-debian-clang 0.1-2 2.73 37.23 39.96 NOTE
r-devel-linux-x86_64-debian-gcc 0.1-2 1.89 28.48 30.37 NOTE
r-devel-linux-x86_64-fedora-clang 0.1-2 60.86 NOTE
r-devel-linux-x86_64-fedora-gcc 0.1-2 58.01 NOTE
r-devel-windows-x86_64 0.1-2 17.00 64.00 81.00 NOTE
r-patched-linux-x86_64 0.1-2 2.72 36.07 38.79 NOTE
r-release-linux-x86_64 0.1-2 2.45 19.09 21.54 NOTE
r-release-macos-arm64 0.1-2 20.00 NOTE
r-release-macos-x86_64 0.1-2 27.00 NOTE
r-release-windows-x86_64 0.1-2 7.00 59.00 66.00 NOTE
r-oldrel-macos-arm64 0.1-2 25.00 NOTE
r-oldrel-macos-x86_64 0.1-2 34.00 NOTE
r-oldrel-windows-ix86+x86_64 0.1-2 5.00 36.00 41.00 NOTE

Check Details

Version: 0.1-2
Check: LazyData
Result: NOTE
     'LazyData' is specified without a 'data' directory
Flavors: r-devel-linux-x86_64-debian-clang, r-devel-linux-x86_64-debian-gcc, r-devel-linux-x86_64-fedora-clang, r-devel-linux-x86_64-fedora-gcc, r-devel-windows-x86_64, r-patched-linux-x86_64, r-release-linux-x86_64, r-release-macos-arm64, r-release-macos-x86_64, r-release-windows-x86_64, r-oldrel-macos-arm64, r-oldrel-macos-x86_64, r-oldrel-windows-ix86+x86_64