Last updated on 2022-08-11 21:50:07 CEST.
Flavor | Version | Tinstall | Tcheck | Ttotal | Status | Flags |
---|---|---|---|---|---|---|
r-devel-linux-x86_64-debian-clang | 0.1.1 | 10.76 | 168.11 | 178.87 | OK | |
r-devel-linux-x86_64-debian-gcc | 0.1.1 | 8.86 | 121.32 | 130.18 | OK | |
r-devel-linux-x86_64-fedora-clang | 0.1.1 | 232.55 | NOTE | |||
r-devel-linux-x86_64-fedora-gcc | 0.1.1 | 223.67 | NOTE | |||
r-devel-windows-x86_64 | 0.1.1 | 52.00 | 241.00 | 293.00 | OK | |
r-patched-linux-x86_64 | 0.1.1 | 11.64 | 152.33 | 163.97 | OK | |
r-release-linux-x86_64 | 0.1.1 | 10.47 | 158.76 | 169.23 | OK | |
r-release-macos-arm64 | 0.1.1 | 66.00 | NOTE | |||
r-release-macos-x86_64 | 0.1.1 | 140.00 | NOTE | |||
r-release-windows-x86_64 | 0.1.1 | 170.00 | 227.00 | 397.00 | OK | |
r-oldrel-macos-arm64 | 0.1.1 | 72.00 | NOTE | |||
r-oldrel-macos-x86_64 | 0.1.1 | 103.00 | NOTE | |||
r-oldrel-windows-ix86+x86_64 | 0.1.1 | 25.00 | 241.00 | 266.00 | OK |
Version: 0.1.1
Check: dependencies in R code
Result: NOTE
Namespace in Imports field not imported from: ‘moonBook’
All declared Imports should be used.
Flavors: r-devel-linux-x86_64-fedora-clang, r-devel-linux-x86_64-fedora-gcc, r-release-macos-arm64, r-release-macos-x86_64, r-oldrel-macos-arm64, r-oldrel-macos-x86_64