CRAN Package Check Results for Package interimApp

Last updated on 2021-07-26 19:49:23 CEST.

Flavor Version Tinstall Tcheck Ttotal Status Flags
r-devel-linux-x86_64-debian-clang 0.0.1 3.54 35.87 39.41 NOTE
r-devel-linux-x86_64-debian-gcc 0.0.1 3.10 28.05 31.15 NOTE
r-devel-linux-x86_64-fedora-clang 0.0.1 55.46 NOTE
r-devel-linux-x86_64-fedora-gcc 0.0.1 45.63 NOTE
r-devel-windows-x86_64 0.0.1 7.00 51.00 58.00 NOTE
r-devel-windows-x86_64-gcc10-UCRT 0.0.1 NOTE
r-patched-linux-x86_64 0.0.1 4.01 34.62 38.63 NOTE
r-patched-solaris-x86 0.0.1 74.60 NOTE
r-release-linux-x86_64 0.0.1 3.35 34.26 37.61 NOTE
r-release-macos-arm64 0.0.1 NOTE
r-release-macos-x86_64 0.0.1 NOTE
r-release-windows-ix86+x86_64 0.0.1 10.00 50.00 60.00 NOTE
r-oldrel-macos-x86_64 0.0.1 OK
r-oldrel-windows-ix86+x86_64 0.0.1 9.00 61.00 70.00 OK

Check Details

Version: 0.0.1
Check: LazyData
Result: NOTE
     'LazyData' is specified without a 'data' directory
Flavors: r-devel-linux-x86_64-debian-clang, r-devel-linux-x86_64-debian-gcc, r-devel-linux-x86_64-fedora-clang, r-devel-linux-x86_64-fedora-gcc, r-devel-windows-x86_64, r-devel-windows-x86_64-gcc10-UCRT, r-patched-linux-x86_64, r-patched-solaris-x86, r-release-linux-x86_64, r-release-macos-arm64, r-release-macos-x86_64, r-release-windows-ix86+x86_64