CRAN Package Check Results for Package intcensROC

Last updated on 2021-06-16 21:51:45 CEST.

Flavor Version Tinstall Tcheck Ttotal Status Flags
r-devel-linux-x86_64-debian-clang 0.1.3 68.15 41.54 109.69 OK
r-devel-linux-x86_64-debian-gcc 0.1.3 42.44 34.46 76.90 OK
r-devel-linux-x86_64-fedora-clang 0.1.3 136.76 NOTE
r-devel-linux-x86_64-fedora-gcc 0.1.3 71.70 OK
r-devel-windows-x86_64 0.1.2 71.00 75.00 146.00 OK
r-devel-windows-x86_64-gcc10-UCRT 0.1.2 OK
r-patched-linux-x86_64 0.1.2 51.49 41.96 93.45 OK
r-patched-solaris-x86 0.1.3 118.20 OK
r-release-linux-x86_64 0.1.2 51.05 41.84 92.89 OK
r-release-macos-arm64 0.1.2 NOTE
r-release-macos-x86_64 0.1.3 NOTE
r-release-windows-ix86+x86_64 0.1.2 138.00 88.00 226.00 OK
r-oldrel-macos-x86_64 0.1.3 NOTE
r-oldrel-windows-ix86+x86_64 0.1.2 109.00 91.00 200.00 OK

Check Details

Version: 0.1.3
Check: installed package size
Result: NOTE
     installed size is 10.3Mb
     sub-directories of 1Mb or more:
     libs 10.1Mb
Flavors: r-devel-linux-x86_64-fedora-clang, r-release-macos-x86_64, r-oldrel-macos-x86_64

Version: 0.1.2
Check: installed package size
Result: NOTE
     installed size is 12.2Mb
     sub-directories of 1Mb or more:
     libs 11.9Mb
Flavor: r-release-macos-arm64