CRAN Package Check Results for Package install.load

Last updated on 2021-07-26 19:49:23 CEST.

Flavor Version Tinstall Tcheck Ttotal Status Flags
r-devel-linux-x86_64-debian-clang 1.2.3 0.38 2.48 2.86 ERROR
r-devel-linux-x86_64-debian-gcc 1.2.3 1.54 16.78 18.32 OK
r-devel-linux-x86_64-fedora-clang 1.2.3 37.75 OK
r-devel-linux-x86_64-fedora-gcc 1.2.3 26.66 OK
r-devel-windows-x86_64 1.2.3 3.00 34.00 37.00 OK
r-devel-windows-x86_64-gcc10-UCRT 1.2.3 OK
r-patched-linux-x86_64 1.2.3 1.96 20.59 22.55 OK
r-patched-solaris-x86 1.2.3 41.90 OK
r-release-linux-x86_64 1.2.3 1.72 20.51 22.23 OK
r-release-macos-arm64 1.2.3 OK
r-release-macos-x86_64 1.2.3 OK
r-release-windows-ix86+x86_64 1.2.3 6.00 32.00 38.00 OK
r-oldrel-macos-x86_64 1.2.3 OK
r-oldrel-windows-ix86+x86_64 1.2.3 4.00 36.00 40.00 OK

Check Details

Version: 1.2.3
Check: package dependencies
Result: ERROR
    Package required but not available: 'fastmatch'
    
    See section 'The DESCRIPTION file' in the 'Writing R Extensions'
    manual.
Flavor: r-devel-linux-x86_64-debian-clang