CRAN Package Check Results for Package infinitefactor

Last updated on 2022-01-23 00:57:14 CET.

Flavor Version Tinstall Tcheck Ttotal Status Flags
r-devel-linux-x86_64-debian-clang 1.0 59.38 84.33 143.71 OK
r-devel-linux-x86_64-debian-gcc 1.0 41.81 63.22 105.03 OK
r-devel-linux-x86_64-fedora-clang 1.0 192.70 OK
r-devel-linux-x86_64-fedora-gcc 1.0 178.60 OK
r-devel-windows-x86_64-new-UL 1.0 133.00 122.00 255.00 OK
r-devel-windows-x86_64-new-TK 1.0 OK
r-patched-linux-x86_64 1.0 61.02 78.68 139.70 OK
r-release-linux-x86_64 1.0 58.49 78.56 137.05 OK
r-release-macos-arm64 1.0 NOTE
r-release-macos-x86_64 1.0 NOTE
r-release-windows-ix86+x86_64 1.0 146.00 148.00 294.00 OK
r-oldrel-macos-x86_64 1.0 NOTE
r-oldrel-windows-ix86+x86_64 1.0 149.00 150.00 299.00 OK

Check Details

Version: 1.0
Check: installed package size
Result: NOTE
     installed size is 6.0Mb
     sub-directories of 1Mb or more:
     libs 5.8Mb
Flavors: r-release-macos-arm64, r-release-macos-x86_64, r-oldrel-macos-x86_64