CRAN Package Check Results for Package incgraph

Last updated on 2022-01-25 12:55:37 CET.

Flavor Version Tinstall Tcheck Ttotal Status Flags
r-devel-linux-x86_64-debian-clang 1.0.1 26.37 68.37 94.74 OK
r-devel-linux-x86_64-debian-gcc 1.0.1 20.27 51.43 71.70 OK
r-devel-linux-x86_64-fedora-clang 1.0.1 120.75 NOTE
r-devel-linux-x86_64-fedora-gcc 1.0.1 105.16 NOTE
r-devel-windows-x86_64-new-UL 1.0.1 47.00 107.00 154.00 OK
r-devel-windows-x86_64-new-TK 1.0.1 NOTE
r-patched-linux-x86_64 1.0.1 26.65 63.15 89.80 OK
r-release-linux-x86_64 1.0.1 21.28 62.42 83.70 OK
r-release-macos-arm64 1.0.1 NOTE
r-release-macos-x86_64 1.0.1 NOTE
r-release-windows-ix86+x86_64 1.0.1 60.00 117.00 177.00 OK
r-oldrel-macos-x86_64 1.0.1 NOTE
r-oldrel-windows-ix86+x86_64 1.0.1 62.00 117.00 179.00 OK

Check Details

Version: 1.0.1
Check: dependencies in R code
Result: NOTE
    Namespace in Imports field not imported from: ‘testthat’
     All declared Imports should be used.
Flavors: r-devel-linux-x86_64-fedora-clang, r-devel-linux-x86_64-fedora-gcc, r-devel-windows-x86_64-new-TK, r-release-macos-arm64, r-release-macos-x86_64, r-oldrel-macos-x86_64