Last updated on 2022-07-04 05:50:08 CEST.
Flavor | Version | Tinstall | Tcheck | Ttotal | Status | Flags |
---|---|---|---|---|---|---|
r-devel-linux-x86_64-debian-clang | 0.0.4 | 45.95 | 66.80 | 112.75 | OK | |
r-devel-linux-x86_64-debian-gcc | 0.0.4 | 34.93 | 52.09 | 87.02 | OK | |
r-devel-linux-x86_64-fedora-clang | 0.0.4 | 166.95 | OK | |||
r-devel-linux-x86_64-fedora-gcc | 0.0.4 | 150.29 | OK | |||
r-devel-windows-x86_64 | 0.0.4 | 48.00 | 112.00 | 160.00 | OK | |
r-patched-linux-x86_64 | 0.0.4 | 38.24 | 65.56 | 103.80 | OK | |
r-release-linux-x86_64 | 0.0.4 | 43.33 | 65.49 | 108.82 | OK | |
r-release-macos-arm64 | 0.0.4 | 43.00 | OK | |||
r-release-macos-x86_64 | 0.0.4 | 59.00 | NOTE | |||
r-release-windows-x86_64 | 0.0.4 | 38.00 | 108.00 | 146.00 | OK | |
r-oldrel-macos-arm64 | 0.0.4 | 45.00 | NOTE | |||
r-oldrel-macos-x86_64 | 0.0.4 | 85.00 | OK | |||
r-oldrel-windows-ix86+x86_64 | 0.0.4 | 95.00 | 124.00 | 219.00 | OK |
Version: 0.0.4
Check: installed package size
Result: NOTE
installed size is 5.0Mb
sub-directories of 1Mb or more:
libs 4.9Mb
Flavors: r-release-macos-x86_64, r-oldrel-macos-arm64