CRAN Package Check Results for Package inTrees

Last updated on 2021-09-21 16:51:28 CEST.

Flavor Version Tinstall Tcheck Ttotal Status Flags
r-devel-linux-x86_64-debian-clang 1.2 10.37 93.06 103.43 OK
r-devel-linux-x86_64-debian-gcc 1.2 8.51 71.18 79.69 OK
r-devel-linux-x86_64-fedora-clang 1.2 129.82 OK
r-devel-linux-x86_64-fedora-gcc 1.2 117.56 OK
r-devel-windows-x86_64 1.2 9.00 85.00 94.00 OK
r-devel-windows-x86_64-gcc10-UCRT 1.2 ERROR
r-patched-linux-x86_64 1.2 9.11 86.65 95.76 OK
r-patched-solaris-x86 1.2 173.20 OK
r-release-linux-x86_64 1.2 10.21 87.06 97.27 OK
r-release-macos-arm64 1.2 OK
r-release-macos-x86_64 1.2 OK
r-release-windows-ix86+x86_64 1.2 22.00 85.00 107.00 OK
r-oldrel-macos-x86_64 1.2 OK
r-oldrel-windows-ix86+x86_64 1.2 23.00 91.00 114.00 OK

Check Details

Version: 1.2
Check: whether package can be installed
Result: WARN
    Found the following significant warnings:
     WARNING: installation-time patches will not be applied, could not get the patches index
Flavor: r-devel-windows-x86_64-gcc10-UCRT

Version: 1.2
Check: PDF version of manual
Result: WARN
    LaTeX errors when creating PDF version.
    This typically indicates Rd problems.
Flavor: r-devel-windows-x86_64-gcc10-UCRT

Version: 1.2
Check: PDF version of manual without hyperrefs or index
Result: ERROR
    Re-running with no redirection of stdout/stderr.
Flavor: r-devel-windows-x86_64-gcc10-UCRT