CRAN Package Check Results for Package inTextSummaryTable

Last updated on 2021-09-23 04:56:28 CEST.

Flavor Version Tinstall Tcheck Ttotal Status Flags
r-devel-linux-x86_64-debian-clang 3.0.1 12.11 255.72 267.83 OK
r-devel-linux-x86_64-debian-gcc 3.0.1 9.90 183.45 193.35 ERROR
r-devel-linux-x86_64-fedora-clang 3.0.1 335.27 ERROR
r-devel-linux-x86_64-fedora-gcc 3.0.1 325.47 ERROR
r-devel-windows-x86_64 3.0.1 13.00 253.00 266.00 NOTE
r-devel-windows-x86_64-gcc10-UCRT 3.0.1 ERROR
r-patched-linux-x86_64 3.0.1 17.66 249.27 266.93 OK
r-patched-solaris-x86 3.0.1 237.00 ERROR
r-release-linux-x86_64 3.0.1 10.44 249.94 260.38 OK
r-release-macos-arm64 3.0.1 NOTE
r-release-macos-x86_64 3.0.1 NOTE
r-release-windows-ix86+x86_64 3.0.1 27.00 262.00 289.00 NOTE
r-oldrel-macos-x86_64 3.0.1 NOTE
r-oldrel-windows-ix86+x86_64 3.0.1 19.00 269.00 288.00 NOTE

Check Details

Version: 3.0.1
Check: tests
Result: ERROR
     Running ‘testthat.R’ [37s/52s]
    Running the tests in ‘tests/testthat.R’ failed.
    Complete output:
     > library(testthat)
     > library(inTextSummaryTable)
     >
     > test_check("inTextSummaryTable")
     ══ Skipped tests ═══════════════════════════════════════════════════════════════
     • empty test (3)
    
     ══ Failed tests ════════════════════════════════════════════════════════════════
     ── Failure (test_exportSummaryStatisticsTable-DT.R:527:2): table is exported to DT with row variables with expand variables ──
     `isControlPresent` has length 2, not length 1.
     ── Error (test_exportSummaryStatisticsTable-DT.R:528:2): table is exported to DT with row variables with expand variables ──
     Error: $ operator is invalid for atomic vectors
     Backtrace:
     █
     1. └─testthat::expect_equal(cDefs[[isControlPresent]]$className, "details-control") test_exportSummaryStatisticsTable-DT.R:528:8
     2. └─testthat::quasi_label(enquo(object), label, arg = "object")
     3. └─rlang::eval_bare(expr, quo_get_env(quo))
     ── Failure (test_exportSummaryStatisticsTable-DT.R:558:2): one statistical variable is expanded ──
     `isControlPresent` has length 2, not length 1.
     ── Error (test_exportSummaryStatisticsTable-DT.R:559:2): one statistical variable is expanded ──
     Error: $ operator is invalid for atomic vectors
     Backtrace:
     █
     1. └─testthat::expect_equal(cDefs[[isControlPresent]]$className, "details-control") test_exportSummaryStatisticsTable-DT.R:559:8
     2. └─testthat::quasi_label(enquo(object), label, arg = "object")
     3. └─rlang::eval_bare(expr, quo_get_env(quo))
    
     [ FAIL 4 | WARN 7 | SKIP 3 | PASS 961 ]
     Error: Test failures
     Execution halted
Flavor: r-devel-linux-x86_64-debian-gcc

Version: 3.0.1
Check: installed package size
Result: NOTE
     installed size is 10.1Mb
     sub-directories of 1Mb or more:
     doc 9.6Mb
Flavors: r-devel-linux-x86_64-fedora-clang, r-devel-windows-x86_64, r-patched-solaris-x86, r-release-macos-arm64, r-release-macos-x86_64, r-release-windows-ix86+x86_64, r-oldrel-macos-x86_64, r-oldrel-windows-ix86+x86_64

Version: 3.0.1
Check: Rd cross-references
Result: NOTE
    Undeclared package ‘DT’ in Rd xrefs
Flavor: r-devel-linux-x86_64-fedora-clang

Version: 3.0.1
Check: tests
Result: ERROR
     Running ‘testthat.R’ [66s/195s]
    Running the tests in ‘tests/testthat.R’ failed.
    Complete output:
     > library(testthat)
     > library(inTextSummaryTable)
     >
     > test_check("inTextSummaryTable")
     ══ Skipped tests ═══════════════════════════════════════════════════════════════
     • empty test (3)
    
     ══ Failed tests ════════════════════════════════════════════════════════════════
     ── Failure (test_exportSummaryStatisticsTable-DT.R:527:2): table is exported to DT with row variables with expand variables ──
     `isControlPresent` has length 2, not length 1.
     ── Error (test_exportSummaryStatisticsTable-DT.R:528:2): table is exported to DT with row variables with expand variables ──
     Error: $ operator is invalid for atomic vectors
     Backtrace:
     █
     1. └─testthat::expect_equal(cDefs[[isControlPresent]]$className, "details-control") test_exportSummaryStatisticsTable-DT.R:528:8
     2. └─testthat::quasi_label(enquo(object), label, arg = "object")
     3. └─rlang::eval_bare(expr, quo_get_env(quo))
     ── Failure (test_exportSummaryStatisticsTable-DT.R:558:2): one statistical variable is expanded ──
     `isControlPresent` has length 2, not length 1.
     ── Error (test_exportSummaryStatisticsTable-DT.R:559:2): one statistical variable is expanded ──
     Error: $ operator is invalid for atomic vectors
     Backtrace:
     █
     1. └─testthat::expect_equal(cDefs[[isControlPresent]]$className, "details-control") test_exportSummaryStatisticsTable-DT.R:559:8
     2. └─testthat::quasi_label(enquo(object), label, arg = "object")
     3. └─rlang::eval_bare(expr, quo_get_env(quo))
    
     [ FAIL 4 | WARN 7 | SKIP 3 | PASS 961 ]
     Error: Test failures
     Execution halted
Flavor: r-devel-linux-x86_64-fedora-clang

Version: 3.0.1
Check: tests
Result: ERROR
     Running ‘testthat.R’ [64s/148s]
    Running the tests in ‘tests/testthat.R’ failed.
    Complete output:
     > library(testthat)
     > library(inTextSummaryTable)
     >
     > test_check("inTextSummaryTable")
     ══ Skipped tests ═══════════════════════════════════════════════════════════════
     • empty test (3)
    
     ══ Failed tests ════════════════════════════════════════════════════════════════
     ── Failure (test_exportSummaryStatisticsTable-DT.R:527:2): table is exported to DT with row variables with expand variables ──
     `isControlPresent` has length 2, not length 1.
     ── Error (test_exportSummaryStatisticsTable-DT.R:528:2): table is exported to DT with row variables with expand variables ──
     Error: $ operator is invalid for atomic vectors
     Backtrace:
     █
     1. └─testthat::expect_equal(cDefs[[isControlPresent]]$className, "details-control") test_exportSummaryStatisticsTable-DT.R:528:8
     2. └─testthat::quasi_label(enquo(object), label, arg = "object")
     3. └─rlang::eval_bare(expr, quo_get_env(quo))
     ── Failure (test_exportSummaryStatisticsTable-DT.R:558:2): one statistical variable is expanded ──
     `isControlPresent` has length 2, not length 1.
     ── Error (test_exportSummaryStatisticsTable-DT.R:559:2): one statistical variable is expanded ──
     Error: $ operator is invalid for atomic vectors
     Backtrace:
     █
     1. └─testthat::expect_equal(cDefs[[isControlPresent]]$className, "details-control") test_exportSummaryStatisticsTable-DT.R:559:8
     2. └─testthat::quasi_label(enquo(object), label, arg = "object")
     3. └─rlang::eval_bare(expr, quo_get_env(quo))
    
     [ FAIL 4 | WARN 7 | SKIP 3 | PASS 961 ]
     Error: Test failures
     Execution halted
Flavor: r-devel-linux-x86_64-fedora-gcc

Version: 3.0.1
Check: package dependencies
Result: ERROR
    Packages required but not available: 'flextable', 'officer'
    
    Package suggested but not available for checking: 'xml2'
    
    See section 'The DESCRIPTION file' in the 'Writing R Extensions'
    manual.
Flavor: r-devel-windows-x86_64-gcc10-UCRT

Version: 3.0.1
Check: tests
Result: ERROR
     Running ‘testthat.R’ [63s/74s]
    Running the tests in ‘tests/testthat.R’ failed.
    Complete output:
     > library(testthat)
     > library(inTextSummaryTable)
     >
     > test_check("inTextSummaryTable")
     ══ Skipped tests ═══════════════════════════════════════════════════════════════
     • empty test (3)
     • pandoc is not available (3)
    
     ══ Failed tests ════════════════════════════════════════════════════════════════
     ── Failure (test_exportSummaryStatisticsTable-DT.R:527:2): table is exported to DT with row variables with expand variables ──
     `isControlPresent` has length 2, not length 1.
     ── Error (test_exportSummaryStatisticsTable-DT.R:528:2): table is exported to DT with row variables with expand variables ──
     Error: $ operator is invalid for atomic vectors
     Backtrace:
     █
     1. └─testthat::expect_equal(cDefs[[isControlPresent]]$className, "details-control") test_exportSummaryStatisticsTable-DT.R:528:8
     2. └─testthat::quasi_label(enquo(object), label, arg = "object")
     3. └─rlang::eval_bare(expr, quo_get_env(quo))
     ── Failure (test_exportSummaryStatisticsTable-DT.R:558:2): one statistical variable is expanded ──
     `isControlPresent` has length 2, not length 1.
     ── Error (test_exportSummaryStatisticsTable-DT.R:559:2): one statistical variable is expanded ──
     Error: $ operator is invalid for atomic vectors
     Backtrace:
     █
     1. └─testthat::expect_equal(cDefs[[isControlPresent]]$className, "details-control") test_exportSummaryStatisticsTable-DT.R:559:8
     2. └─testthat::quasi_label(enquo(object), label, arg = "object")
     3. └─rlang::eval_bare(expr, quo_get_env(quo))
    
     [ FAIL 4 | WARN 7 | SKIP 6 | PASS 954 ]
     Error: Test failures
     Execution halted
Flavor: r-patched-solaris-x86