CRAN Package Check Results for Package imputeTestbench

Last updated on 2021-11-30 11:51:59 CET.

Flavor Version Tinstall Tcheck Ttotal Status Flags
r-devel-linux-x86_64-debian-clang 3.0.3 7.94 78.79 86.73 NOTE
r-devel-linux-x86_64-debian-gcc 3.0.3 5.79 58.53 64.32 NOTE
r-devel-linux-x86_64-fedora-clang 3.0.3 113.15 NOTE
r-devel-linux-x86_64-fedora-gcc 3.0.3 100.73 NOTE
r-devel-windows-x86_64-new-UL 3.0.3 17.00 118.00 135.00 NOTE
r-devel-windows-x86_64-new-TK 3.0.3 NOTE
r-devel-windows-x86_64-old 3.0.3 12.00 73.00 85.00 NOTE
r-patched-linux-x86_64 3.0.3 5.52 73.90 79.42 NOTE
r-patched-solaris-x86 3.0.3 148.00 NOTE
r-release-linux-x86_64 3.0.3 6.51 72.56 79.07 NOTE
r-release-macos-arm64 3.0.3 NOTE
r-release-macos-x86_64 3.0.3 NOTE
r-release-windows-ix86+x86_64 3.0.3 18.00 73.00 91.00 NOTE
r-oldrel-macos-x86_64 3.0.3 OK
r-oldrel-windows-ix86+x86_64 3.0.3 16.00 72.00 88.00 OK

Check Details

Version: 3.0.3
Check: LazyData
Result: NOTE
     'LazyData' is specified without a 'data' directory
Flavors: r-devel-linux-x86_64-debian-clang, r-devel-linux-x86_64-debian-gcc, r-devel-linux-x86_64-fedora-clang, r-devel-linux-x86_64-fedora-gcc, r-devel-windows-x86_64-new-UL, r-devel-windows-x86_64-new-TK, r-devel-windows-x86_64-old, r-patched-linux-x86_64, r-patched-solaris-x86, r-release-linux-x86_64, r-release-macos-arm64, r-release-macos-x86_64, r-release-windows-ix86+x86_64