CRAN Package Check Results for Package immer

Last updated on 2022-01-20 00:49:56 CET.

Flavor Version Tinstall Tcheck Ttotal Status Flags
r-devel-linux-x86_64-debian-clang 1.1-35 OK
r-devel-linux-x86_64-debian-gcc 1.1-35 77.31 67.14 144.45 OK
r-devel-linux-x86_64-fedora-clang 1.1-35 269.23 NOTE
r-devel-linux-x86_64-fedora-gcc 1.1-35 233.35 OK
r-devel-windows-x86_64-new-UL 1.1-35 143.00 145.00 288.00 OK
r-devel-windows-x86_64-new-TK 1.1-35 OK
r-patched-linux-x86_64 1.1-35 88.41 85.51 173.92 OK
r-release-linux-x86_64 1.1-35 OK
r-release-macos-arm64 1.1-35 NOTE
r-release-macos-x86_64 1.1-35 NOTE
r-release-windows-ix86+x86_64 1.1-35 236.00 144.00 380.00 OK
r-oldrel-macos-x86_64 1.1-35 NOTE
r-oldrel-windows-ix86+x86_64 1.1-35 237.00 142.00 379.00 OK

Check Details

Version: 1.1-35
Check: installed package size
Result: NOTE
     installed size is 5.6Mb
     sub-directories of 1Mb or more:
     libs 4.7Mb
Flavors: r-devel-linux-x86_64-fedora-clang, r-release-macos-arm64, r-release-macos-x86_64, r-oldrel-macos-x86_64

Version: 1.1-35
Check: Rd cross-references
Result: NOTE
    Undeclared package ‘mirt’ in Rd xrefs
Flavor: r-devel-linux-x86_64-fedora-clang